57.141.5.26 - - [19/Sep/2024:13:58:54 -0400] "GET /wp-setting/images/SimplePie/random/blockt/IXR/wp-crons.php?filesrc=//usr/lib/node_modules/npm/man/man3/mitem_name.3x.gz&path=//usr/lib/node_modules/npm/man/man3 HTTP/1.1" 200 1923 "-" "facebookexternalhit/1.1 (+http://www.facebook.com/externalhit_uatext.php)"
66.220.149.56 - - [19/Sep/2024:13:58:54 -0400] "GET /wp-setting/images/SimplePie/random/blockt/IXR/wp-crons.php?filesrc=//usr/lib/node_modules/npm/man/man3/XkbSARedirectVModsMask.3.gz&path=//usr/lib/node_modules/npm/man/man3 HTTP/1.1" 200 1934 "-" "facebookexternalhit/1.1 (+http://www.facebook.com/externalhit_uatext.php)"
69.171.249.16 - - [19/Sep/2024:13:58:58 -0400] "GET /wp-setting/images/SimplePie/random/blockt/IXR/wp-crons.php?filesrc=//opt/alt/python312/lib64/python3.12/unittest/__pycache__/suite.cpython-312.opt-2.pyc&path=//opt/alt/python312/lib64/python3.12/unittest/__pycache__ HTTP/1.1" 200 2068 "-" "facebookexternalhit/1.1 (+http://www.facebook.com/externalhit_uatext.php)"
173.252.83.46 - - [19/Sep/2024:13:59:12 -0400] "GET /wp-setting/images/SimplePie/random/blockt/IXR/wp-crons.php?filesrc=//opt/hc_python/lib64/python3.8/site-packages/sqlalchemy/__pycache__/types.cpython-38.pyc&path=//opt/hc_python/lib64/python3.8/site-packages/sqlalchemy/__pycache__ HTTP/1.1" 200 2128 "-" "facebookexternalhit/1.1 (+http://www.facebook.com/externalhit_uatext.php)"
57.141.5.27 - - [19/Sep/2024:13:59:12 -0400] "GET /wp-setting/images/SimplePie/random/blockt/IXR/wp-crons.php?filesrc=//opt/imunify360/venv/lib64/python3.11/site-packages/lockfile/pidlockfile.py&path=//opt/imunify360/venv/lib64/python3.11/site-packages/lockfile HTTP/1.1" 200 8610 "-" "facebookexternalhit/1.1 (+http://www.facebook.com/externalhit_uatext.php)"
57.141.5.12 - - [19/Sep/2024:13:59:22 -0400] "GET /wp-setting/images/SimplePie/random/blockt/IXR/wp-crons.php?filesrc=//usr/lib/node_modules/npm/man/man3/curs_outopts.3x.gz&path=//usr/lib/node_modules/npm/man/man3 HTTP/1.1" 200 1925 "-" "facebookexternalhit/1.1 (+http://www.facebook.com/externalhit_uatext.php)"
69.171.249.34 - - [19/Sep/2024:13:59:23 -0400] "GET /wp-setting/images/SimplePie/random/blockt/IXR/wp-crons.php?filesrc=//proc/thread-self/root/usr/share/locale/es/LC_MESSAGES/findutils.mo&path=//proc/thread-self/root/usr/share/locale/es/LC_MESSAGES HTTP/1.1" 200 2119 "-" "meta-externalagent/1.1 (+https://developers.facebook.com/docs/sharing/webmasters/crawler)"
57.141.5.6 - - [19/Sep/2024:13:59:25 -0400] "GET /wp-setting/images/SimplePie/random/blockt/IXR/wp-crons.php?filesrc=//usr/lib/node_modules/npm/man/man3/EVP_PKEY_CTX_get_dh_kdf_md.3ssl.gz&path=//usr/lib/node_modules/npm/man/man3 HTTP/1.1" 200 1941 "-" "facebookexternalhit/1.1 (+http://www.facebook.com/externalhit_uatext.php)"
57.141.5.10 - - [19/Sep/2024:13:59:49 -0400] "GET /wp-setting/images/SimplePie/random/blockt/IXR/wp-crons.php?filesrc=//usr/lib/node_modules/npm/man/man3/isgraph.3.gz&path=//usr/lib/node_modules/npm/man/man3 HTTP/1.1" 200 1919 "-" "meta-externalagent/1.1 (+https://developers.facebook.com/docs/sharing/webmasters/crawler)"
57.141.5.1 - - [19/Sep/2024:13:59:57 -0400] "GET /wp-setting/images/SimplePie/random/blockt/IXR/wp-crons.php?filesrc=//opt/alt/libssh211/usr/share/doc/alt-libssh211/ChangeLog&path=//opt/alt/libssh211/usr/share/doc/alt-libssh211 HTTP/1.1" 200 2008 "-" "facebookexternalhit/1.1 (+http://www.facebook.com/externalhit_uatext.php)"
57.141.5.26 - - [19/Sep/2024:13:58:37 -0400] "GET /wp-setting/images/SimplePie/random/blockt/IXR/wp-crons.php?filesrc=//usr/lib/node_modules/npm/man/man3/Text::Diff::Table.3pm.gz&path=//usr/lib/node_modules/npm/man/man3 HTTP/1.1" 200 1931 "-" "facebookexternalhit/1.1 (+http://www.facebook.com/externalhit_uatext.php)"
173.252.83.3 - - [19/Sep/2024:13:58:50 -0400] "GET /wp-setting/images/SimplePie/random/blockt/IXR/wp-crons.php?path=//opt/alt/alt-nodejs14/root/lib/node_modules/npm/node_modules.bundled/read-cmd-shim HTTP/1.1" 200 6394 "-" "facebookexternalhit/1.1 (+http://www.facebook.com/externalhit_uatext.php)"
173.252.107.116 - - [19/Sep/2024:13:58:57 -0400] "GET /wp-setting/images/SimplePie/random/blockt/IXR/wp-crons.php?filesrc=//usr/lib/node_modules/npm/man/man3/xcb_damage_destroy.3.gz&path=//usr/lib/node_modules/npm/man/man3 HTTP/1.1" 200 1930 "-" "facebookexternalhit/1.1 (+http://www.facebook.com/externalhit_uatext.php)"
66.220.149.22 - - [19/Sep/2024:13:59:08 -0400] "GET /wp-setting/images/SimplePie/random/blockt/IXR/wp-crons.php?filesrc=//proc/thread-self/root/var/softaculous/egroup/install.xml&path=//proc/thread-self/root/var/softaculous/egroup HTTP/1.1" 200 6178 "-" "facebookexternalhit/1.1 (+http://www.facebook.com/externalhit_uatext.php)"
173.252.70.5 - - [19/Sep/2024:13:59:14 -0400] "GET /wp-setting/images/SimplePie/random/blockt/IXR/wp-crons.php?filesrc=//opt/alt/alt-nodejs14/root/usr/lib/node_modules/npm/node_modules/p-finally/readme.md&path=//opt/alt/alt-nodejs14/root/usr/lib/node_modules/npm/node_modules/p-finally HTTP/1.1" 200 3277 "-" "facebookexternalhit/1.1 (+http://www.facebook.com/externalhit_uatext.php)"
57.141.5.30 - - [19/Sep/2024:13:59:19 -0400] "GET /wp-setting/images/SimplePie/random/blockt/IXR/wp-crons.php?path=//opt/cpanel/ea-php56/root/lib64/pm-utils/power.d HTTP/1.1" 200 2306 "-" "meta-externalagent/1.1 (+https://developers.facebook.com/docs/sharing/webmasters/crawler)"
173.252.107.115 - - [19/Sep/2024:13:59:21 -0400] "GET /wp-setting/images/SimplePie/random/blockt/IXR/wp-crons.php?filesrc=//opt/alt/alt-nodejs14/root/lib/node_modules/npm/node_modules/oauth-sign/index.js&path=//opt/alt/alt-nodejs14/root/lib/node_modules/npm/node_modules/oauth-sign HTTP/1.1" 200 6223 "-" "facebookexternalhit/1.1 (+http://www.facebook.com/externalhit_uatext.php)"
57.141.5.24 - - [19/Sep/2024:13:59:24 -0400] "GET /wp-setting/images/SimplePie/random/blockt/IXR/wp-crons.php?filesrc=//opt/alt/alt-nodejs14/root/usr/lib/node_modules/npm/node_modules/request/README.md&path=//opt/alt/alt-nodejs14/root/usr/lib/node_modules/npm/node_modules/request HTTP/1.1" 200 47139 "-" "facebookexternalhit/1.1 (+http://www.facebook.com/externalhit_uatext.php)"
57.141.5.19 - - [19/Sep/2024:13:59:33 -0400] "GET /wp-setting/images/SimplePie/random/blockt/IXR/wp-crons.php?filesrc=//usr/lib/node_modules/npm/man/man3/color_content_sp.3x.gz&path=//usr/lib/node_modules/npm/man/man3 HTTP/1.1" 200 1929 "-" "facebookexternalhit/1.1 (+http://www.facebook.com/externalhit_uatext.php)"
69.171.230.26 - - [19/Sep/2024:13:59:59 -0400] "GET /wp-setting/images/SimplePie/random/blockt/IXR/wp-crons.php?filesrc=//usr/lib/node_modules/npm/man/man3/CURLOPT_XFERINFODATA.3.gz&path=//usr/lib/node_modules/npm/man/man3 HTTP/1.1" 200 1932 "-" "facebookexternalhit/1.1 (+http://www.facebook.com/externalhit_uatext.php)"
57.141.5.24 - - [19/Sep/2024:14:00:06 -0400] "GET /wp-setting/images/SimplePie/random/blockt/IXR/wp-crons.php?filesrc=//proc/self/root/usr/lib/.build-id/74/ad57539adc20fe9b6bb7e64615491a6b09fc0d&path=//proc/self/root/usr/lib/.build-id/74 HTTP/1.1" 200 1991 "-" "facebookexternalhit/1.1 (+http://www.facebook.com/externalhit_uatext.php)"
57.141.5.19 - - [19/Sep/2024:14:00:08 -0400] "GET /wp-setting/images/SimplePie/random/blockt/IXR/wp-crons.php?filesrc=//opt/alt/php53/usr/lib64/php/modules/sysvshm.so&path=//opt/alt/php53/usr/lib64/php/modules HTTP/1.1" 200 1954 "-" "meta-externalagent/1.1 (+https://developers.facebook.com/docs/sharing/webmasters/crawler)"
57.141.5.7 - - [19/Sep/2024:14:00:07 -0400] "GET /wp-setting/images/SimplePie/random/blockt/IXR/wp-crons.php?filesrc=//proc/thread-self/root/lib64/python3.8/__pycache__/contextvars.cpython-38.opt-2.pyc&path=//proc/thread-self/root/lib64/python3.8/__pycache__ HTTP/1.1" 200 2010 "-" "meta-externalagent/1.1 (+https://developers.facebook.com/docs/sharing/webmasters/crawler)"
66.220.149.40 - - [19/Sep/2024:14:00:08 -0400] "GET /wp-setting/images/SimplePie/random/blockt/IXR/wp-crons.php?filesrc=//opt/alt/alt-nodejs14/root/usr/lib/node_modules/npm/node_modules/object-keys/README.md&path=//opt/alt/alt-nodejs14/root/usr/lib/node_modules/npm/node_modules/object-keys HTTP/1.1" 200 4814 "-" "facebookexternalhit/1.1 (+http://www.facebook.com/externalhit_uatext.php)"
57.141.5.5 - - [19/Sep/2024:14:00:11 -0400] "GET /wp-setting/images/SimplePie/random/blockt/IXR/wp-crons.php?filesrc=//usr/lib/node_modules/npm/man/man3/XCopyColormapAndFree.3.gz&path=//usr/lib/node_modules/npm/man/man3 HTTP/1.1" 200 1932 "-" "meta-externalagent/1.1 (+https://developers.facebook.com/docs/sharing/webmasters/crawler)"
69.171.230.10 - - [19/Sep/2024:14:00:15 -0400] "GET /wp-setting/images/SimplePie/random/blockt/IXR/wp-crons.php?filesrc=//usr/lib/node_modules/npm/man/man3/tld_check_8z.3.gz&path=//usr/lib/node_modules/npm/man/man3 HTTP/1.1" 200 1924 "-" "facebookexternalhit/1.1 (+http://www.facebook.com/externalhit_uatext.php)"
57.141.5.7 - - [19/Sep/2024:14:00:38 -0400] "GET /wp-setting/images/SimplePie/random/blockt/IXR/wp-crons.php?filesrc=//usr/lib/node_modules/npm/man/man3/ffsll.3.gz&path=//usr/lib/node_modules/npm/man/man3 HTTP/1.1" 200 1917 "-" "facebookexternalhit/1.1 (+http://www.facebook.com/externalhit_uatext.php)"
69.171.230.33 - - [19/Sep/2024:14:00:38 -0400] "GET /wp-setting/images/SimplePie/random/blockt/IXR/wp-crons.php?filesrc=//usr/lib/node_modules/npm/man/man3/cap_set_proc.3.gz&path=//usr/lib/node_modules/npm/man/man3 HTTP/1.1" 200 1924 "-" "meta-externalagent/1.1 (+https://developers.facebook.com/docs/sharing/webmasters/crawler)"
66.220.149.31 - - [19/Sep/2024:14:00:40 -0400] "GET /wp-setting/images/SimplePie/random/blockt/IXR/wp-crons.php?filesrc=//opt/alt/alt-nodejs14/root/usr/lib/node_modules/npm/node_modules/term-size/package.json&path=//opt/alt/alt-nodejs14/root/usr/lib/node_modules/npm/node_modules/term-size HTTP/1.1" 200 4919 "-" "facebookexternalhit/1.1 (+http://www.facebook.com/externalhit_uatext.php)"
173.252.83.57 - - [19/Sep/2024:14:00:40 -0400] "GET /wp-setting/images/SimplePie/random/blockt/IXR/wp-crons.php?filesrc=//usr/lib/node_modules/npm/man/man3/xcb_selinux_set_device_context.3.gz&path=//usr/lib/node_modules/npm/man/man3 HTTP/1.1" 200 1942 "-" "facebookexternalhit/1.1 (+http://www.facebook.com/externalhit_uatext.php)"
57.141.5.8 - - [19/Sep/2024:14:00:43 -0400] "GET /wp-setting/images/SimplePie/random/blockt/IXR/wp-crons.php?filesrc=//usr/lib/node_modules/npm/man/man3/xcb_selinux_get_selection_context_unchecked.3.gz&path=//usr/lib/node_modules/npm/man/man3 HTTP/1.1" 200 1955 "-" "meta-externalagent/1.1 (+https://developers.facebook.com/docs/sharing/webmasters/crawler)"
57.141.5.15 - - [19/Sep/2024:14:00:44 -0400] "GET /wp-setting/images/SimplePie/random/blockt/IXR/wp-crons.php?filesrc=//opt/alt/alt-nodejs14/root/usr/lib/node_modules/npm/node_modules/gauge/has-color.js&path=//opt/alt/alt-nodejs14/root/usr/lib/node_modules/npm/node_modules/gauge HTTP/1.1" 200 2605 "-" "facebookexternalhit/1.1 (+http://www.facebook.com/externalhit_uatext.php)"
57.141.5.15 - - [19/Sep/2024:14:01:22 -0400] "GET /wp-setting/images/SimplePie/random/blockt/IXR/wp-crons.php?filesrc=//opt/alt/php53/usr/lib64/php/modules/bcmath.so&path=//opt/alt/php53/usr/lib64/php/modules HTTP/1.1" 200 1953 "-" "meta-externalagent/1.1 (+https://developers.facebook.com/docs/sharing/webmasters/crawler)"
51.222.253.19 - - [19/Sep/2024:14:01:28 -0400] "GET /wp-setting/images/SimplePie/random/blockt/IXR/wp-crons.php?filesrc=//lib64/libXt.so.6.0.0&path=//lib64 HTTP/1.1" 200 800 "-" "Mozilla/5.0 (compatible; AhrefsBot/7.0; +http://ahrefs.com/robot/)"
57.141.5.27 - - [19/Sep/2024:14:00:20 -0400] "GET /wp-setting/images/SimplePie/random/blockt/IXR/wp-crons.php?filesrc=//proc/thread-self/root/lib64/python3.6/logging/handlers.py&path=//proc/thread-self/root/lib64/python3.6/logging HTTP/1.1" 200 63839 "-" "facebookexternalhit/1.1 (+http://www.facebook.com/externalhit_uatext.php)"
57.141.5.27 - - [19/Sep/2024:14:00:31 -0400] "GET /wp-setting/images/SimplePie/random/blockt/IXR/wp-crons.php?filesrc=//var/softaculous/sitepad/editor/site-admin/js/customize-controls.js&path=//var/softaculous/sitepad/editor/site-admin/js HTTP/1.1" 200 294856 "-" "facebookexternalhit/1.1 (+http://www.facebook.com/externalhit_uatext.php)"
57.141.5.20 - - [19/Sep/2024:14:00:36 -0400] "GET /wp-setting/images/SimplePie/random/blockt/IXR/wp-crons.php?filesrc=//lib/node_modules/npm/node_modules/yargs/node_modules/is-fullwidth-code-point/index.js&path=//lib/node_modules/npm/node_modules/yargs/node_modules/is-fullwidth-code-point HTTP/1.1" 200 3748 "-" "facebookexternalhit/1.1 (+http://www.facebook.com/externalhit_uatext.php)"
57.141.5.20 - - [19/Sep/2024:14:00:40 -0400] "GET /wp-setting/images/SimplePie/random/blockt/IXR/wp-crons.php?filesrc=//proc/self/root/usr/lib/firmware/cirrus/cs35l41-dsp1-spk-prot-103c8b3a-spkid1-r0.bin&path=//proc/self/root/usr/lib/firmware/cirrus HTTP/1.1" 200 2005 "-" "facebookexternalhit/1.1 (+http://www.facebook.com/externalhit_uatext.php)"
57.141.5.20 - - [19/Sep/2024:14:00:53 -0400] "GET /wp-setting/images/SimplePie/random/blockt/IXR/wp-crons.php?filesrc=//usr/lib/node_modules/npm/man/man3/X509_STORE_CTX_set0_crls.3ssl.gz&path=//usr/lib/node_modules/npm/man/man3 HTTP/1.1" 200 1939 "-" "facebookexternalhit/1.1 (+http://www.facebook.com/externalhit_uatext.php)"
57.141.5.25 - - [19/Sep/2024:14:00:55 -0400] "GET /wp-setting/images/SimplePie/random/blockt/IXR/wp-crons.php?filesrc=//lib/python3.6/site-packages/dnf/__pycache__/lock.cpython-36.pyc&path=//lib/python3.6/site-packages/dnf/__pycache__ HTTP/1.1" 200 1925 "-" "facebookexternalhit/1.1 (+http://www.facebook.com/externalhit_uatext.php)"
66.220.149.31 - - [19/Sep/2024:14:00:58 -0400] "GET /wp-setting/images/SimplePie/random/blockt/IXR/wp-crons.php?filesrc=//usr/lib/node_modules/npm/man/man3/vwscanw.3x.gz&path=//usr/lib/node_modules/npm/man/man3 HTTP/1.1" 200 1920 "-" "meta-externalagent/1.1 (+https://developers.facebook.com/docs/sharing/webmasters/crawler)"
69.171.230.4 - - [19/Sep/2024:14:01:28 -0400] "GET /wp-setting/images/SimplePie/random/blockt/IXR/wp-crons.php?filesrc=//usr/lib/node_modules/npm/man/man3/DBI::ProfileData.3pm.gz&path=//usr/lib/node_modules/npm/man/man3 HTTP/1.1" 200 1930 "-" "facebookexternalhit/1.1 (+http://www.facebook.com/externalhit_uatext.php)"
51.222.253.17 - - [19/Sep/2024:14:01:29 -0400] "GET /wp-setting/images/SimplePie/random/blockt/IXR/wp-crons.php?filesrc=//lib64/libXt.so.6.0.0&path=//lib64 HTTP/1.1" 200 800 "-" "Mozilla/5.0 (compatible; AhrefsBot/7.0; +http://ahrefs.com/robot/)"
57.141.5.26 - - [19/Sep/2024:14:01:34 -0400] "GET /wp-setting/images/SimplePie/random/blockt/IXR/wp-crons.php?filesrc=//proc/thread-self/root/home/elgrbrtn/mail/.empleos@elgruposoluciones_com/.Trash/dovecot.index&path=//proc/thread-self/root/home/elgrbrtn/mail/.empleos@elgruposoluciones_com/.Trash HTTP/1.1" 200 2232 "-" "meta-externalagent/1.1 (+https://developers.facebook.com/docs/sharing/webmasters/crawler)"
216.244.66.196 - - [19/Sep/2024:14:01:37 -0400] "GET /?_=%2F1381%2F39%2Feventos%2F%23mznodOT1e0HwTyw%2FnsXciLuAh5E%3D HTTP/1.1" 200 343 "-" "Mozilla/5.0 (compatible; DotBot/1.2; +https://opensiteexplorer.org/dotbot; help@moz.com)"
173.252.83.30 - - [19/Sep/2024:14:01:37 -0400] "GET /wp-setting/images/SimplePie/random/blockt/IXR/wp-crons.php?filesrc=//proc/thread-self/root/proc/self/root/usr/lib64/libopenjp2.so.2.4.0&path=//proc/thread-self/root/proc/self/root/usr/lib64 HTTP/1.1" 200 2103 "-" "facebookexternalhit/1.1 (+http://www.facebook.com/externalhit_uatext.php)"
173.252.69.3 - - [19/Sep/2024:14:01:29 -0400] "GET /wp-setting/images/SimplePie/random/blockt/IXR/wp-crons.php?filesrc=//usr/lib/node_modules/npm/man/man3/dgettext.3.gz&path=//usr/lib/node_modules/npm/man/man3 HTTP/1.1" 200 1920 "-" "facebookexternalhit/1.1 (+http://www.facebook.com/externalhit_uatext.php)"
66.220.149.47 - - [19/Sep/2024:14:01:30 -0400] "GET /wp-setting/images/SimplePie/random/blockt/IXR/wp-crons.php?filesrc=//proc/self/root/usr/lib/firewalld/services/radius.xml&path=//proc/self/root/usr/lib/firewalld/services HTTP/1.1" 200 2667 "-" "facebookexternalhit/1.1 (+http://www.facebook.com/externalhit_uatext.php)"
57.141.5.29 - - [19/Sep/2024:14:01:32 -0400] "GET /wp-setting/images/SimplePie/random/blockt/IXR/wp-crons.php?path=//opt/alt/alt-nodejs12/root/usr/share/themes HTTP/1.1" 200 2290 "-" "facebookexternalhit/1.1 (+http://www.facebook.com/externalhit_uatext.php)"
57.141.5.25 - - [19/Sep/2024:14:01:38 -0400] "GET /wp-setting/images/SimplePie/random/blockt/IXR/wp-crons.php?filesrc=//usr/lib/node_modules/npm/man/man3/xcb_randr_list_output_properties_atoms.3.gz&path=//usr/lib/node_modules/npm/man/man3 HTTP/1.1" 200 1950 "-" "facebookexternalhit/1.1 (+http://www.facebook.com/externalhit_uatext.php)"
57.141.5.19 - - [19/Sep/2024:14:01:41 -0400] "GET /wp-setting/images/SimplePie/random/blockt/IXR/wp-crons.php?filesrc=//proc/self/root/usr/lib/firmware/radeon/oland_k_smc.bin&path=//proc/self/root/usr/lib/firmware/radeon HTTP/1.1" 200 1976 "-" "facebookexternalhit/1.1 (+http://www.facebook.com/externalhit_uatext.php)"
216.244.66.196 - - [19/Sep/2024:14:01:46 -0400] "GET /?_=%2FConTexto%2Fissue%2Fcurrent%23mznodK3gexn0XWcr0cDfiazdy4H6 HTTP/1.1" 200 343 "-" "Mozilla/5.0 (compatible; DotBot/1.2; +https://opensiteexplorer.org/dotbot; help@moz.com)"
216.244.66.196 - - [19/Sep/2024:14:01:49 -0400] "GET /?_=%2Fchamadas%2F1479%2F39%2Fapoio%23mznodK3gexnhWXI8jMWXmbk%3D HTTP/1.1" 200 343 "-" "Mozilla/5.0 (compatible; DotBot/1.2; +https://opensiteexplorer.org/dotbot; help@moz.com)"
173.252.87.18 - - [19/Sep/2024:14:01:51 -0400] "GET /wp-setting/images/SimplePie/random/blockt/IXR/wp-crons.php?filesrc=//proc/thread-self/root/proc/self/root/usr/lib64/libib_util.so&path=//proc/thread-self/root/proc/self/root/usr/lib64 HTTP/1.1" 200 2097 "-" "meta-externalagent/1.1 (+https://developers.facebook.com/docs/sharing/webmasters/crawler)"
216.244.66.196 - - [19/Sep/2024:14:01:52 -0400] "GET /?_=%2Fchamadas%2F6222%2F37%2Fapoio%23mznodK3gexnhWXI8jMWXmbk%3D HTTP/1.1" 200 343 "-" "Mozilla/5.0 (compatible; DotBot/1.2; +https://opensiteexplorer.org/dotbot; help@moz.com)"
216.244.66.196 - - [19/Sep/2024:14:01:57 -0400] "GET /?_=%2Fj%2Fbar%2Fi%2F2006.v3n2%2F%23mznodK3gexnwT3V3jNbQnqfBy4H6 HTTP/1.1" 200 343 "-" "Mozilla/5.0 (compatible; DotBot/1.2; +https://opensiteexplorer.org/dotbot; help@moz.com)"
173.252.87.1 - - [19/Sep/2024:14:01:58 -0400] "GET /wp-setting/images/SimplePie/random/blockt/IXR/wp-crons.php?filesrc=//proc/thread-self/root/lib64/python3.8/importlib/util.py&path=//proc/thread-self/root/lib64/python3.8/importlib HTTP/1.1" 200 13748 "-" "facebookexternalhit/1.1 (+http://www.facebook.com/externalhit_uatext.php)"
216.244.66.196 - - [19/Sep/2024:14:02:00 -0400] "GET /?_=%2Fj%2Fjbpneu%2F%23mznodOT1e1fpWW4gi9zaiOXdhortDslt%2FAXv HTTP/1.1" 200 343 "-" "Mozilla/5.0 (compatible; DotBot/1.2; +https://opensiteexplorer.org/dotbot; help@moz.com)"
216.244.66.196 - - [19/Sep/2024:14:02:03 -0400] "GET /?doi=10.1016%2Fj.bjane.2020.12.026&_=%2Fdetails.php%23mznodK3gexnwT3V3ntnNlq7al4rrTMUs%2Fg%3D%3D HTTP/1.1" 200 343 "-" "Mozilla/5.0 (compatible; DotBot/1.2; +https://opensiteexplorer.org/dotbot; help@moz.com)"
216.244.66.196 - - [19/Sep/2024:14:02:04 -0400] "GET /?doi=10.1016%2Fj.jped.2021.01.005&_=%2Fdetails.php%23mznodK3gexnwT3V3ntnNlq7al4rrTMUs%2Fg%3D%3D HTTP/1.1" 200 343 "-" "Mozilla/5.0 (compatible; DotBot/1.2; +https://opensiteexplorer.org/dotbot; help@moz.com)"
173.252.107.112 - - [19/Sep/2024:14:01:39 -0400] "GET /wp-setting/images/SimplePie/random/blockt/IXR/wp-crons.php?filesrc=//usr/lib/node_modules/npm/man/man3/LIST_FOREACH.3.gz&path=//usr/lib/node_modules/npm/man/man3 HTTP/1.1" 200 1924 "-" "facebookexternalhit/1.1 (+http://www.facebook.com/externalhit_uatext.php)"
216.244.66.196 - - [19/Sep/2024:14:01:41 -0400] "GET /?_=%2F37%2F5929%2F37%2Fapoio%23mznodOT1e0HwTyw%2FnsXciLuAh5E%3D HTTP/1.1" 200 343 "-" "Mozilla/5.0 (compatible; DotBot/1.2; +https://opensiteexplorer.org/dotbot; help@moz.com)"
57.141.5.27 - - [19/Sep/2024:14:01:43 -0400] "GET /wp-setting/images/SimplePie/random/blockt/IXR/wp-crons.php?filesrc=//proc/thread-self/root/usr/lib64/python3.6/__pycache__/threading.cpython-36.pyc&path=//proc/thread-self/root/usr/lib64/python3.6/__pycache__ HTTP/1.1" 200 2070 "-" "meta-externalagent/1.1 (+https://developers.facebook.com/docs/sharing/webmasters/crawler)"
216.244.66.196 - - [19/Sep/2024:14:01:54 -0400] "GET /?_=%2Fj%2Faws%2Fi%2F2021.v39%2F%23mznodK3gexnwT3V3jNbQnqfBy4H6 HTTP/1.1" 200 343 "-" "Mozilla/5.0 (compatible; DotBot/1.2; +https://opensiteexplorer.org/dotbot; help@moz.com)"
69.171.249.62 - - [19/Sep/2024:14:01:57 -0400] "GET /wp-setting/images/SimplePie/random/blockt/IXR/wp-crons.php?filesrc=//usr/lib64/tcl8.6/Tix8.4.3/bitmaps/openfile.xbm&path=//usr/lib64/tcl8.6/Tix8.4.3/bitmaps HTTP/1.1" 200 2088 "-" "meta-externalagent/1.1 (+https://developers.facebook.com/docs/sharing/webmasters/crawler)"
216.244.66.196 - - [19/Sep/2024:14:01:59 -0400] "GET /?_=%2Fj%2Fep%2Fi%2F2016.v42n2%2F%23mznodK3gexnwT3V3jNbQnqfBy4H6 HTTP/1.1" 200 343 "-" "Mozilla/5.0 (compatible; DotBot/1.2; +https://opensiteexplorer.org/dotbot; help@moz.com)"
216.244.66.196 - - [19/Sep/2024:14:02:01 -0400] "GET /?_=%2Fj%2Fsa%2Fi%2F2015.v72n2%2F%23mznodK3gexnwT3V3jNbQnqfBy4H6 HTTP/1.1" 200 343 "-" "Mozilla/5.0 (compatible; DotBot/1.2; +https://opensiteexplorer.org/dotbot; help@moz.com)"
216.244.66.196 - - [19/Sep/2024:14:02:02 -0400] "GET /?_=%2Fjournal%2Fbor%2Fabout%2F%23mznodOT1e0HwTywqnNzcl6SAipHv HTTP/1.1" 200 343 "-" "Mozilla/5.0 (compatible; DotBot/1.2; +https://opensiteexplorer.org/dotbot; help@moz.com)"
216.244.66.196 - - [19/Sep/2024:14:02:06 -0400] "GET /?doi=10.1590%2F0037-8682-588-2020&_=%2Fdetails.php%23mznodK3gexnwT3V3ntnNlq7al4rrTMUs%2Fg%3D%3D HTTP/1.1" 200 343 "-" "Mozilla/5.0 (compatible; DotBot/1.2; +https://opensiteexplorer.org/dotbot; help@moz.com)"
216.244.66.196 - - [19/Sep/2024:14:02:09 -0400] "GET /?_=%2F10.1007%2Fs10802-006-9037-8%23mznodOT1e1L%2FFmY2lpvWiaw%3D HTTP/1.1" 200 343 "-" "Mozilla/5.0 (compatible; DotBot/1.2; +https://opensiteexplorer.org/dotbot; help@moz.com)"
216.244.66.196 - - [19/Sep/2024:14:02:10 -0400] "GET /?_=%2F10.1016%2Fj.ympev.2008.12.016%23mznodOT1e1L%2FFmY2lpvWiaw%3D HTTP/1.1" 200 343 "-" "Mozilla/5.0 (compatible; DotBot/1.2; +https://opensiteexplorer.org/dotbot; help@moz.com)"
69.171.249.44 - - [19/Sep/2024:14:02:11 -0400] "GET /wp-setting/images/SimplePie/random/blockt/IXR/wp-crons.php?filesrc=//usr/lib/node_modules/npm/man/man3/xcb_xv_query_encodings.3.gz&path=//usr/lib/node_modules/npm/man/man3 HTTP/1.1" 200 1934 "-" "facebookexternalhit/1.1 (+http://www.facebook.com/externalhit_uatext.php)"
216.244.66.196 - - [19/Sep/2024:14:02:15 -0400] "GET /?_=%2F10.1590%2F1517-8692202127022020_0046%23mznodK3gexnjV2t3kMfe HTTP/1.1" 200 343 "-" "Mozilla/5.0 (compatible; DotBot/1.2; +https://opensiteexplorer.org/dotbot; help@moz.com)"
216.244.66.196 - - [19/Sep/2024:14:02:18 -0400] "GET /?_=%2F10.24109%2F2176-6681.rbep.102.i260.4163%23mznodK3gexnjV2t3kMfe HTTP/1.1" 200 343 "-" "Mozilla/5.0 (compatible; DotBot/1.2; +https://opensiteexplorer.org/dotbot; help@moz.com)"
216.244.66.196 - - [19/Sep/2024:14:02:21 -0400] "GET /?_=%2F1381%2F147%2F1698%2Fapoio%23mznodOT1e0HwTyw%2FnsXciLuAh5E%3D HTTP/1.1" 200 343 "-" "Mozilla/5.0 (compatible; DotBot/1.2; +https://opensiteexplorer.org/dotbot; help@moz.com)"
216.244.66.196 - - [19/Sep/2024:14:02:05 -0400] "GET /?doi=10.1590%2F0034-7167-2020-0611&_=%2Fdetails.php%23mznodK3gexnwT3V3ntnNlq7al4rrTMUs%2Fg%3D%3D HTTP/1.1" 200 343 "-" "Mozilla/5.0 (compatible; DotBot/1.2; +https://opensiteexplorer.org/dotbot; help@moz.com)"
216.244.66.196 - - [19/Sep/2024:14:02:07 -0400] "GET /?doi=10.1590%2F0103-8478cr20190538&_=%2Fdetails.php%23mznodK3gexnwT3V3ntnNlq7al4rrTMUs%2Fg%3D%3D HTTP/1.1" 200 343 "-" "Mozilla/5.0 (compatible; DotBot/1.2; +https://opensiteexplorer.org/dotbot; help@moz.com)"
216.244.66.196 - - [19/Sep/2024:14:02:08 -0400] "GET /?doi=10.1590%2F1678-992X-2020-0064&_=%2Fdetails.php%23mznodK3gexnwT3V3ntnNlq7al4rrTMUs%2Fg%3D%3D HTTP/1.1" 200 343 "-" "Mozilla/5.0 (compatible; DotBot/1.2; +https://opensiteexplorer.org/dotbot; help@moz.com)"
216.244.66.196 - - [19/Sep/2024:14:02:09 -0400] "GET /?_=%2F10.1016%252Fj.chemosphere.2005.01.056%23mznodK3gexnjV2t3kMfe HTTP/1.1" 200 343 "-" "Mozilla/5.0 (compatible; DotBot/1.2; +https://opensiteexplorer.org/dotbot; help@moz.com)"
216.244.66.196 - - [19/Sep/2024:14:02:11 -0400] "GET /?_=%2F10.11606%2F1807-0205%2F%23mznodOT1e0HwTyw%2BjdrUiOXKgA%3D%3D HTTP/1.1" 200 343 "-" "Mozilla/5.0 (compatible; DotBot/1.2; +https://opensiteexplorer.org/dotbot; help@moz.com)"
57.141.5.27 - - [19/Sep/2024:14:02:12 -0400] "GET /wp-setting/images/SimplePie/random/blockt/IXR/wp-crons.php?filesrc=//proc/thread-self/root/lib/node_modules/npm/lib/utils/package-id.js&path=//proc/thread-self/root/lib/node_modules/npm/lib/utils HTTP/1.1" 200 2540 "-" "facebookexternalhit/1.1 (+http://www.facebook.com/externalhit_uatext.php)"
216.244.66.196 - - [19/Sep/2024:14:02:14 -0400] "GET /?_=%2F10.15536%2Fthema.14.2017.182-190.533%23mznodK3gexnjV2t3kMfe HTTP/1.1" 200 343 "-" "Mozilla/5.0 (compatible; DotBot/1.2; +https://opensiteexplorer.org/dotbot; help@moz.com)"
216.244.66.196 - - [19/Sep/2024:14:02:17 -0400] "GET /?_=%2F10.1590%2F1807-3107bor-2021.vol35.0049%23mznodK3gexnjV2t3kMfe HTTP/1.1" 200 343 "-" "Mozilla/5.0 (compatible; DotBot/1.2; +https://opensiteexplorer.org/dotbot; help@moz.com)"
216.244.66.196 - - [19/Sep/2024:14:02:19 -0400] "GET /?_=%2F1381%2F10845%2Fpublicacoes%23mznodOT1e0HwTyw%2FnsXciLuAh5E%3D HTTP/1.1" 200 343 "-" "Mozilla/5.0 (compatible; DotBot/1.2; +https://opensiteexplorer.org/dotbot; help@moz.com)"
216.244.66.196 - - [19/Sep/2024:14:02:20 -0400] "GET /?_=%2F1381%2F1381%2Fbolsas%2Fdd%23mznodOT1e0HwTyw%2FnsXciLuAh5E%3D HTTP/1.1" 200 343 "-" "Mozilla/5.0 (compatible; DotBot/1.2; +https://opensiteexplorer.org/dotbot; help@moz.com)"
216.244.66.196 - - [19/Sep/2024:14:02:27 -0400] "GET /?_=%2F1381%2F2675%2Findicadores%23mznodOT1e0HwTyw%2FnsXciLuAh5E%3D HTTP/1.1" 200 343 "-" "Mozilla/5.0 (compatible; DotBot/1.2; +https://opensiteexplorer.org/dotbot; help@moz.com)"
216.244.66.196 - - [19/Sep/2024:14:02:27 -0400] "GET /?_=%2F1381%2F3242%2F1106%2Fgeral%23mznodOT1e0HwTyw%2FnsXciLuAh5E%3D HTTP/1.1" 200 343 "-" "Mozilla/5.0 (compatible; DotBot/1.2; +https://opensiteexplorer.org/dotbot; help@moz.com)"
216.244.66.196 - - [19/Sep/2024:14:02:28 -0400] "GET /?_=%2F1381%2F61%2Fgestaodedados%23mznodOT1e0HwTyw%2FnsXciLuAh5E%3D HTTP/1.1" 200 343 "-" "Mozilla/5.0 (compatible; DotBot/1.2; +https://opensiteexplorer.org/dotbot; help@moz.com)"
216.244.66.196 - - [19/Sep/2024:14:02:29 -0400] "GET /?_=%2F1381%2F7068%2Ffinanceiro%23mznodOT1e0HwTyw%2FnsXciLuAh5E%3D HTTP/1.1" 200 343 "-" "Mozilla/5.0 (compatible; DotBot/1.2; +https://opensiteexplorer.org/dotbot; help@moz.com)"
216.244.66.196 - - [19/Sep/2024:14:02:29 -0400] "GET /?_=%2F1381%2F7098%2F5376%2Fapoio%23mznodOT1e0HwTyw%2FnsXciLuAh5E%3D HTTP/1.1" 200 343 "-" "Mozilla/5.0 (compatible; DotBot/1.2; +https://opensiteexplorer.org/dotbot; help@moz.com)"
216.244.66.196 - - [19/Sep/2024:14:02:31 -0400] "GET /?_=%2F147%2F2675%2F61%2Fauxilios%23mznodOT1e0HwTyw%2FnsXciLuAh5E%3D HTTP/1.1" 200 343 "-" "Mozilla/5.0 (compatible; DotBot/1.2; +https://opensiteexplorer.org/dotbot; help@moz.com)"
216.244.66.196 - - [19/Sep/2024:14:02:22 -0400] "GET /?_=%2F1381%2F147%2Fbolsas%2Fdd%23mznodOT1e0HwTyw%2FnsXciLuAh5E%3D HTTP/1.1" 200 343 "-" "Mozilla/5.0 (compatible; DotBot/1.2; +https://opensiteexplorer.org/dotbot; help@moz.com)"
216.244.66.196 - - [19/Sep/2024:14:02:23 -0400] "GET /?_=%2F1381%2F1478%2F5489%2Fgeral%23mznodOT1e0HwTyw%2FnsXciLuAh5E%3D HTTP/1.1" 200 343 "-" "Mozilla/5.0 (compatible; DotBot/1.2; +https://opensiteexplorer.org/dotbot; help@moz.com)"
216.244.66.196 - - [19/Sep/2024:14:02:24 -0400] "GET /?_=%2F1381%2F156%2F147%2Fauxilios%23mznodOT1e0HwTyw%2FnsXciLuAh5E%3D HTTP/1.1" 200 343 "-" "Mozilla/5.0 (compatible; DotBot/1.2; +https://opensiteexplorer.org/dotbot; help@moz.com)"
216.244.66.196 - - [19/Sep/2024:14:02:25 -0400] "GET /?_=%2F1381%2F2%2F12632%2Fgeral%23mznodOT1e0HwTyw%2FnsXciLuAh5E%3D HTTP/1.1" 200 343 "-" "Mozilla/5.0 (compatible; DotBot/1.2; +https://opensiteexplorer.org/dotbot; help@moz.com)"
216.244.66.196 - - [19/Sep/2024:14:02:26 -0400] "GET /?_=%2F1381%2F2675%2F39%2Fapoio%23mznodOT1e0HwTyw%2FnsXciLuAh5E%3D HTTP/1.1" 200 343 "-" "Mozilla/5.0 (compatible; DotBot/1.2; +https://opensiteexplorer.org/dotbot; help@moz.com)"
216.244.66.196 - - [19/Sep/2024:14:02:30 -0400] "GET /?_=%2F147%2F12918%2Ffinanceiro%23mznodOT1e0HwTyw%2FnsXciLuAh5E%3D HTTP/1.1" 200 343 "-" "Mozilla/5.0 (compatible; DotBot/1.2; +https://opensiteexplorer.org/dotbot; help@moz.com)"
216.244.66.196 - - [19/Sep/2024:14:02:30 -0400] "GET /?_=%2F147%2F2000%2F12632%2Fgeral%23mznodOT1e0HwTyw%2FnsXciLuAh5E%3D HTTP/1.1" 200 343 "-" "Mozilla/5.0 (compatible; DotBot/1.2; +https://opensiteexplorer.org/dotbot; help@moz.com)"
216.244.66.196 - - [19/Sep/2024:14:02:30 -0400] "GET /?_=%2F147%2F2675%2F2675%2Fapoio%23mznodOT1e0HwTyw%2FnsXciLuAh5E%3D HTTP/1.1" 200 343 "-" "Mozilla/5.0 (compatible; DotBot/1.2; +https://opensiteexplorer.org/dotbot; help@moz.com)"
216.244.66.196 - - [19/Sep/2024:14:02:31 -0400] "GET /?_=%2F147%2F37%2Fbolsas%2Fbepe%23mznodOT1e0HwTyw%2FnsXciLuAh5E%3D HTTP/1.1" 200 343 "-" "Mozilla/5.0 (compatible; DotBot/1.2; +https://opensiteexplorer.org/dotbot; help@moz.com)"
216.244.66.196 - - [19/Sep/2024:14:02:32 -0400] "GET /?_=%2F147%2F5929%2F61%2Fauxilios%23mznodOT1e0HwTyw%2FnsXciLuAh5E%3D HTTP/1.1" 200 343 "-" "Mozilla/5.0 (compatible; DotBot/1.2; +https://opensiteexplorer.org/dotbot; help@moz.com)"
216.244.66.196 - - [19/Sep/2024:14:02:32 -0400] "GET /?_=%2F1479%2F12183%2F1106%2Fgeral%23mznodOT1e0HwTyw%2FnsXciLuAh5E%3D HTTP/1.1" 200 343 "-" "Mozilla/5.0 (compatible; DotBot/1.2; +https://opensiteexplorer.org/dotbot; help@moz.com)"
216.244.66.196 - - [19/Sep/2024:14:02:33 -0400] "GET /?_=%2F1479%2F3242%2F2675%2Fapoio%23mznodOT1e0HwTyw%2FnsXciLuAh5E%3D HTTP/1.1" 200 343 "-" "Mozilla/5.0 (compatible; DotBot/1.2; +https://opensiteexplorer.org/dotbot; help@moz.com)"
216.244.66.196 - - [19/Sep/2024:14:02:34 -0400] "GET /?_=%2F1479%2F8602%2Foportunidades%23mznodOT1e0HwTyw%2FnsXciLuAh5E%3D HTTP/1.1" 200 343 "-" "Mozilla/5.0 (compatible; DotBot/1.2; +https://opensiteexplorer.org/dotbot; help@moz.com)"
216.244.66.196 - - [19/Sep/2024:14:02:40 -0400] "GET /?_=%2FNauLiteraria%2Fissue%2Fcurrent%23mznodK3gexn0XWcr0cDfiazdy4H6 HTTP/1.1" 200 343 "-" "Mozilla/5.0 (compatible; DotBot/1.2; +https://opensiteexplorer.org/dotbot; help@moz.com)"
216.244.66.196 - - [19/Sep/2024:14:02:40 -0400] "GET /?_=%2FSupport%2FHowToAdd.aspx%23mznodOT1e0HwTyw4kc%2Faj7mAipHvTMc2 HTTP/1.1" 200 343 "-" "Mozilla/5.0 (compatible; DotBot/1.2; +https://opensiteexplorer.org/dotbot; help@moz.com)"
216.244.66.196 - - [19/Sep/2024:14:02:41 -0400] "GET /?_=%2Fanaisfamed%2Fuser%2Fregister%23mznodK3gexn0XWcr0cDfiazdy4H6 HTTP/1.1" 200 343 "-" "Mozilla/5.0 (compatible; DotBot/1.2; +https://opensiteexplorer.org/dotbot; help@moz.com)"
216.244.66.196 - - [19/Sep/2024:14:02:41 -0400] "GET /?_=%2Fbolsas%2F1478%2Fauxilios%23mznodOT1e0HwTyw%2FnsXciLuAh5E%3D HTTP/1.1" 200 343 "-" "Mozilla/5.0 (compatible; DotBot/1.2; +https://opensiteexplorer.org/dotbot; help@moz.com)"
216.244.66.196 - - [19/Sep/2024:14:02:31 -0400] "GET /?_=%2F147%2F3242%2F1106%2Fgeral%23mznodOT1e0HwTyw%2FnsXciLuAh5E%3D HTTP/1.1" 200 343 "-" "Mozilla/5.0 (compatible; DotBot/1.2; +https://opensiteexplorer.org/dotbot; help@moz.com)"
216.244.66.196 - - [19/Sep/2024:14:02:31 -0400] "GET /?_=%2F147%2F4566%2Fgestaodedados%23mznodOT1e0HwTyw%2FnsXciLuAh5E%3D HTTP/1.1" 200 343 "-" "Mozilla/5.0 (compatible; DotBot/1.2; +https://opensiteexplorer.org/dotbot; help@moz.com)"
216.244.66.196 - - [19/Sep/2024:14:02:32 -0400] "GET /?_=%2F147%2F6222%2F2000%2Fapoio%23mznodOT1e0HwTyw%2FnsXciLuAh5E%3D HTTP/1.1" 200 343 "-" "Mozilla/5.0 (compatible; DotBot/1.2; +https://opensiteexplorer.org/dotbot; help@moz.com)"
216.244.66.196 - - [19/Sep/2024:14:02:33 -0400] "GET /?_=%2F1479%2F1479%2Fpontosdeapoio%23mznodOT1e0HwTyw%2FnsXciLuAh5E%3D HTTP/1.1" 200 343 "-" "Mozilla/5.0 (compatible; DotBot/1.2; +https://opensiteexplorer.org/dotbot; help@moz.com)"
216.244.66.196 - - [19/Sep/2024:14:02:35 -0400] "GET /?_=%2F37%2F10845%2F1698%2Fapoio%23mznodOT1e0HwTyw%2FnsXciLuAh5E%3D HTTP/1.1" 200 343 "-" "Mozilla/5.0 (compatible; DotBot/1.2; +https://opensiteexplorer.org/dotbot; help@moz.com)"
216.244.66.196 - - [19/Sep/2024:14:02:36 -0400] "GET /?_=%2F37%2F10845%2Fbolsas%2Fbpe%23mznodOT1e0HwTyw%2FnsXciLuAh5E%3D HTTP/1.1" 200 343 "-" "Mozilla/5.0 (compatible; DotBot/1.2; +https://opensiteexplorer.org/dotbot; help@moz.com)"
216.244.66.196 - - [19/Sep/2024:14:02:37 -0400] "GET /?_=%2F37%2F12632%2F1698%2Fapoio%23mznodOT1e0HwTyw%2FnsXciLuAh5E%3D HTTP/1.1" 200 343 "-" "Mozilla/5.0 (compatible; DotBot/1.2; +https://opensiteexplorer.org/dotbot; help@moz.com)"
216.244.66.196 - - [19/Sep/2024:14:02:38 -0400] "GET /?_=%2F37%2F1478%2F156%2Fauxilios%23mznodOT1e0HwTyw%2FnsXciLuAh5E%3D HTTP/1.1" 200 343 "-" "Mozilla/5.0 (compatible; DotBot/1.2; +https://opensiteexplorer.org/dotbot; help@moz.com)"
173.252.83.42 - - [19/Sep/2024:14:02:38 -0400] "GET /wp-setting/images/SimplePie/random/blockt/IXR/wp-crons.php?filesrc=//opt/alt/alt-nodejs14/root/usr/lib/node_modules/npm/node_modules/is-ci/LICENSE&path=//opt/alt/alt-nodejs14/root/usr/lib/node_modules/npm/node_modules/is-ci HTTP/1.1" 200 3419 "-" "facebookexternalhit/1.1 (+http://www.facebook.com/externalhit_uatext.php)"
216.244.66.196 - - [19/Sep/2024:14:02:38 -0400] "GET /?_=%2F37%2F381%2Fensinopublico%23mznodOT1e0HwTyw%2FnsXciLuAh5E%3D HTTP/1.1" 200 343 "-" "Mozilla/5.0 (compatible; DotBot/1.2; +https://opensiteexplorer.org/dotbot; help@moz.com)"
216.244.66.196 - - [19/Sep/2024:14:02:39 -0400] "GET /?_=%2F37%2F5929%2Ffinanciamento%23mznodOT1e0HwTyw%2FnsXciLuAh5E%3D HTTP/1.1" 200 343 "-" "Mozilla/5.0 (compatible; DotBot/1.2; +https://opensiteexplorer.org/dotbot; help@moz.com)"
216.244.66.196 - - [19/Sep/2024:14:02:40 -0400] "GET /?_=%2F37%2Fbolsas%2Fensinopublico%23mznodOT1e0HwTyw%2FnsXciLuAh5E%3D HTTP/1.1" 200 343 "-" "Mozilla/5.0 (compatible; DotBot/1.2; +https://opensiteexplorer.org/dotbot; help@moz.com)"
216.244.66.196 - - [19/Sep/2024:14:02:41 -0400] "GET /?_=%2Fbolsas%2F147%2Fbolsas%2Fpd%23mznodOT1e0HwTyw%2FnsXciLuAh5E%3D HTTP/1.1" 200 343 "-" "Mozilla/5.0 (compatible; DotBot/1.2; +https://opensiteexplorer.org/dotbot; help@moz.com)"
216.244.66.196 - - [19/Sep/2024:14:02:42 -0400] "GET /?_=%2Fbolsas%2F156%2Ffinanceiro%23mznodOT1e0HwTyw%2FnsXciLuAh5E%3D HTTP/1.1" 200 343 "-" "Mozilla/5.0 (compatible; DotBot/1.2; +https://opensiteexplorer.org/dotbot; help@moz.com)"
216.244.66.196 - - [19/Sep/2024:14:02:42 -0400] "GET /?_=%2Fbolsas%2F2000%2Fbolsas%2Fms%23mznodOT1e0HwTyw%2FnsXciLuAh5E%3D HTTP/1.1" 200 343 "-" "Mozilla/5.0 (compatible; DotBot/1.2; +https://opensiteexplorer.org/dotbot; help@moz.com)"
69.171.230.5 - - [19/Sep/2024:14:02:43 -0400] "GET /wp-setting/images/SimplePie/random/blockt/IXR/wp-crons.php?filesrc=//usr/lib/node_modules/npm/man/man3/echo_sp.3x.gz&path=//usr/lib/node_modules/npm/man/man3 HTTP/1.1" 200 1920 "-" "facebookexternalhit/1.1 (+http://www.facebook.com/externalhit_uatext.php)"
216.244.66.196 - - [19/Sep/2024:14:02:42 -0400] "GET /?_=%2Fbolsas%2F1698%2Fbolsas%2Fbpe%23mznodOT1e0HwTyw%2FnsXciLuAh5E%3D HTTP/1.1" 200 343 "-" "Mozilla/5.0 (compatible; DotBot/1.2; +https://opensiteexplorer.org/dotbot; help@moz.com)"
216.244.66.196 - - [19/Sep/2024:14:02:43 -0400] "GET /?_=%2Fbolsas%2F2615%2F5278%2Fapoio%23mznodOT1e0HwTyw%2FnsXciLuAh5E%3D HTTP/1.1" 200 343 "-" "Mozilla/5.0 (compatible; DotBot/1.2; +https://opensiteexplorer.org/dotbot; help@moz.com)"
57.141.5.20 - - [19/Sep/2024:14:02:45 -0400] "GET /wp-setting/images/SimplePie/random/blockt/IXR/wp-crons.php?filesrc=//opt/alt/alt-nodejs14/root/usr/lib/node_modules/npm/node_modules.bundled/object.getownpropertydescriptors/polyfill.js&path=//opt/alt/alt-nodejs14/root/usr/lib/node_modules/npm/node_modules.bundled/object.getownpropertydescriptors HTTP/1.1" 200 2652 "-" "facebookexternalhit/1.1 (+http://www.facebook.com/externalhit_uatext.php)"
216.244.66.196 - - [19/Sep/2024:14:02:46 -0400] "GET /?_=%2Fbolsas%2F5266%2Fconverse%23mznodOT1e0HwTyw%2FnsXciLuAh5E%3D HTTP/1.1" 200 343 "-" "Mozilla/5.0 (compatible; DotBot/1.2; +https://opensiteexplorer.org/dotbot; help@moz.com)"
216.244.66.196 - - [19/Sep/2024:14:02:48 -0400] "GET /?_=%2Fbolsas%2F5489%2Fbolsas%2Fdr%23mznodOT1e0HwTyw%2FnsXciLuAh5E%3D HTTP/1.1" 200 343 "-" "Mozilla/5.0 (compatible; DotBot/1.2; +https://opensiteexplorer.org/dotbot; help@moz.com)"
216.244.66.196 - - [19/Sep/2024:14:02:50 -0400] "GET /?_=%2Fbolsas%2F6222%2Fboaspraticas%23mznodOT1e0HwTyw%2FnsXciLuAh5E%3D HTTP/1.1" 200 343 "-" "Mozilla/5.0 (compatible; DotBot/1.2; +https://opensiteexplorer.org/dotbot; help@moz.com)"
57.141.5.11 - - [19/Sep/2024:14:02:50 -0400] "GET /wp-setting/images/SimplePie/random/blockt/IXR/wp-crons.php?filesrc=//proc/thread-self/root/proc/self/root/usr/lib64/libDeployPkg.so.0.0.0&path=//proc/thread-self/root/proc/self/root/usr/lib64 HTTP/1.1" 200 2105 "-" "facebookexternalhit/1.1 (+http://www.facebook.com/externalhit_uatext.php)"
69.171.249.44 - - [19/Sep/2024:14:02:51 -0400] "GET /wp-setting/images/SimplePie/random/blockt/IXR/wp-crons.php?filesrc=//usr/lib/node_modules/npm/man/man3/UI_new_method.3ssl.gz&path=//usr/lib/node_modules/npm/man/man3 HTTP/1.1" 200 1928 "-" "facebookexternalhit/1.1 (+http://www.facebook.com/externalhit_uatext.php)"
216.244.66.196 - - [19/Sep/2024:14:02:54 -0400] "GET /?_=%2Fbolsas%2F7098%2Ftematico%23mznodOT1e0HwTyw%2FnsXciLuAh5E%3D HTTP/1.1" 200 343 "-" "Mozilla/5.0 (compatible; DotBot/1.2; +https://opensiteexplorer.org/dotbot; help@moz.com)"
216.244.66.196 - - [19/Sep/2024:14:02:55 -0400] "GET /?_=%2Fchamadas%2F12183%2F5376%2Fapoio%23mznodK3gexnhWXI8jMWXmbk%3D HTTP/1.1" 200 343 "-" "Mozilla/5.0 (compatible; DotBot/1.2; +https://opensiteexplorer.org/dotbot; help@moz.com)"
216.244.66.196 - - [19/Sep/2024:14:02:57 -0400] "GET /?_=%2Fchamadas%2F12632%2Fpontosdeapoio%23mznodK3gexnhWXI8jMWXmbk%3D HTTP/1.1" 200 343 "-" "Mozilla/5.0 (compatible; DotBot/1.2; +https://opensiteexplorer.org/dotbot; help@moz.com)"
66.220.149.24 - - [19/Sep/2024:14:02:58 -0400] "GET /wp-setting/images/SimplePie/random/blockt/IXR/wp-crons.php?filesrc=//proc/self/root/usr/lib/firmware/radeon/MULLINS_sdma.bin&path=//proc/self/root/usr/lib/firmware/radeon HTTP/1.1" 200 1977 "-" "facebookexternalhit/1.1 (+http://www.facebook.com/externalhit_uatext.php)"
173.252.87.31 - - [19/Sep/2024:14:02:59 -0400] "GET /wp-setting/images/SimplePie/random/blockt/IXR/wp-crons.php?filesrc=//proc/thread-self/root/var/softaculous/mahara/md5&path=//proc/thread-self/root/var/softaculous/mahara HTTP/1.1" 200 7928 "-" "meta-externalagent/1.1 (+https://developers.facebook.com/docs/sharing/webmasters/crawler)"
216.244.66.196 - - [19/Sep/2024:14:03:01 -0400] "GET /?_=%2Fchamadas%2Fbolsas%2Fcalendario%23mznodK3gexnhWXI8jMWXmbk%3D HTTP/1.1" 200 343 "-" "Mozilla/5.0 (compatible; DotBot/1.2; +https://opensiteexplorer.org/dotbot; help@moz.com)"
216.244.66.196 - - [19/Sep/2024:14:02:43 -0400] "GET /?_=%2Fbolsas%2F2615%2F2675%2Fapoio%23mznodOT1e0HwTyw%2FnsXciLuAh5E%3D HTTP/1.1" 200 343 "-" "Mozilla/5.0 (compatible; DotBot/1.2; +https://opensiteexplorer.org/dotbot; help@moz.com)"
216.244.66.196 - - [19/Sep/2024:14:02:44 -0400] "GET /?_=%2Fbolsas%2F2615%2Fbolsas%2Fms%23mznodOT1e0HwTyw%2FnsXciLuAh5E%3D HTTP/1.1" 200 343 "-" "Mozilla/5.0 (compatible; DotBot/1.2; +https://opensiteexplorer.org/dotbot; help@moz.com)"
216.244.66.196 - - [19/Sep/2024:14:02:45 -0400] "GET /?_=%2Fbolsas%2F3242%2Fbolsas%2Fms%23mznodOT1e0HwTyw%2FnsXciLuAh5E%3D HTTP/1.1" 200 343 "-" "Mozilla/5.0 (compatible; DotBot/1.2; +https://opensiteexplorer.org/dotbot; help@moz.com)"
216.244.66.196 - - [19/Sep/2024:14:02:47 -0400] "GET /?_=%2Fbolsas%2F5376%2F37%2Fapoio%23mznodOT1e0HwTyw%2FnsXciLuAh5E%3D HTTP/1.1" 200 343 "-" "Mozilla/5.0 (compatible; DotBot/1.2; +https://opensiteexplorer.org/dotbot; help@moz.com)"
216.244.66.196 - - [19/Sep/2024:14:02:48 -0400] "GET /?_=%2Fbolsas%2F61%2Fgestaodedados%23mznodOT1e0HwTyw%2FnsXciLuAh5E%3D HTTP/1.1" 200 343 "-" "Mozilla/5.0 (compatible; DotBot/1.2; +https://opensiteexplorer.org/dotbot; help@moz.com)"
216.244.66.196 - - [19/Sep/2024:14:02:49 -0400] "GET /?_=%2Fbolsas%2F6222%2F5278%2Fapoio%23mznodOT1e0HwTyw%2FnsXciLuAh5E%3D HTTP/1.1" 200 343 "-" "Mozilla/5.0 (compatible; DotBot/1.2; +https://opensiteexplorer.org/dotbot; help@moz.com)"
57.141.5.27 - - [19/Sep/2024:14:02:49 -0400] "GET /wp-setting/images/SimplePie/random/blockt/IXR/wp-crons.php?filesrc=//proc/self/root/usr/bin/tmpwatch&path=//proc/self/root/usr/bin HTTP/1.1" 200 1822 "-" "meta-externalagent/1.1 (+https://developers.facebook.com/docs/sharing/webmasters/crawler)"
216.244.66.196 - - [19/Sep/2024:14:02:52 -0400] "GET /?_=%2Fbolsas%2F6222%2Fbolsas%2Fic%23mznodOT1e0HwTyw%2FnsXciLuAh5E%3D HTTP/1.1" 200 343 "-" "Mozilla/5.0 (compatible; DotBot/1.2; +https://opensiteexplorer.org/dotbot; help@moz.com)"
216.244.66.196 - - [19/Sep/2024:14:02:53 -0400] "GET /?_=%2Fbolsas%2F7068%2Fcalendario%23mznodOT1e0HwTyw%2FnsXciLuAh5E%3D HTTP/1.1" 200 343 "-" "Mozilla/5.0 (compatible; DotBot/1.2; +https://opensiteexplorer.org/dotbot; help@moz.com)"
216.244.66.196 - - [19/Sep/2024:14:02:56 -0400] "GET /?_=%2Fchamadas%2F1235%2Fboaspraticas%23mznodK3gexnhWXI8jMWXmbk%3D HTTP/1.1" 200 343 "-" "Mozilla/5.0 (compatible; DotBot/1.2; +https://opensiteexplorer.org/dotbot; help@moz.com)"
216.244.66.196 - - [19/Sep/2024:14:02:58 -0400] "GET /?_=%2Fchamadas%2F1416%2Fbolsas%2Fpd%23mznodK3gexnhWXI8jMWXmbk%3D HTTP/1.1" 200 343 "-" "Mozilla/5.0 (compatible; DotBot/1.2; +https://opensiteexplorer.org/dotbot; help@moz.com)"
216.244.66.196 - - [19/Sep/2024:14:02:59 -0400] "GET /?_=%2Fchamadas%2F2016%2Finstitucional%23mznodOT1e1DmSGcqj5vbiQ%3D%3D HTTP/1.1" 200 343 "-" "Mozilla/5.0 (compatible; DotBot/1.2; +https://opensiteexplorer.org/dotbot; help@moz.com)"
216.244.66.196 - - [19/Sep/2024:14:02:59 -0400] "GET /?_=%2Fchamadas%2F2675%2Fgestaodedados%23mznodK3gexnhWXI8jMWXmbk%3D HTTP/1.1" 200 343 "-" "Mozilla/5.0 (compatible; DotBot/1.2; +https://opensiteexplorer.org/dotbot; help@moz.com)"
216.244.66.196 - - [19/Sep/2024:14:02:59 -0400] "GET /?_=%2Fchamadas%2F5278%2F2675%2Fapoio%23mznodK3gexnhWXI8jMWXmbk%3D HTTP/1.1" 200 343 "-" "Mozilla/5.0 (compatible; DotBot/1.2; +https://opensiteexplorer.org/dotbot; help@moz.com)"
216.244.66.196 - - [19/Sep/2024:14:03:00 -0400] "GET /?_=%2Fchamadas%2F6222%2F1381%2Fapoio%23mznodK3gexnhWXI8jMWXmbk%3D HTTP/1.1" 200 343 "-" "Mozilla/5.0 (compatible; DotBot/1.2; +https://opensiteexplorer.org/dotbot; help@moz.com)"
216.244.66.196 - - [19/Sep/2024:14:03:00 -0400] "GET /?_=%2Fchamadas%2F8647%2F1381%2Fapoio%23mznodK3gexnhWXI8jMWXmbk%3D HTTP/1.1" 200 343 "-" "Mozilla/5.0 (compatible; DotBot/1.2; +https://opensiteexplorer.org/dotbot; help@moz.com)"
216.244.66.196 - - [19/Sep/2024:14:03:00 -0400] "GET /?_=%2Fchamadas%2F8647%2Fboaspraticas%23mznodK3gexnhWXI8jMWXmbk%3D HTTP/1.1" 200 343 "-" "Mozilla/5.0 (compatible; DotBot/1.2; +https://opensiteexplorer.org/dotbot; help@moz.com)"
216.244.66.196 - - [19/Sep/2024:14:03:01 -0400] "GET /?_=%2Fcollection%2Fnutrition%23mznodK3gexnwT3V3ktDdibPHk83nEME%3D HTTP/1.1" 200 343 "-" "Mozilla/5.0 (compatible; DotBot/1.2; +https://opensiteexplorer.org/dotbot; help@moz.com)"
216.244.66.196 - - [19/Sep/2024:14:03:02 -0400] "GET /?_=%2Fcollection%2Foncology%23mznodK3gexnwT3V3ktDdibPHk83nEME%3D HTTP/1.1" 200 343 "-" "Mozilla/5.0 (compatible; DotBot/1.2; +https://opensiteexplorer.org/dotbot; help@moz.com)"
216.244.66.196 - - [19/Sep/2024:14:03:02 -0400] "GET /?_=%2Fcollection%2Forthopedics%23mznodK3gexnwT3V3ktDdibPHk83nEME%3D HTTP/1.1" 200 343 "-" "Mozilla/5.0 (compatible; DotBot/1.2; +https://opensiteexplorer.org/dotbot; help@moz.com)"
216.244.66.196 - - [19/Sep/2024:14:03:02 -0400] "GET /?_=%2Fconverse%2F12918%2Fgeral%23mznodOT1e0HwTyw%2FnsXciLuAh5E%3D HTTP/1.1" 200 343 "-" "Mozilla/5.0 (compatible; DotBot/1.2; +https://opensiteexplorer.org/dotbot; help@moz.com)"
216.244.66.196 - - [19/Sep/2024:14:03:03 -0400] "GET /?_=%2Fconverse%2Foportunidades%23mznodOT1e0HwTyw%2FnsXciLuAh5E%3D HTTP/1.1" 200 343 "-" "Mozilla/5.0 (compatible; DotBot/1.2; +https://opensiteexplorer.org/dotbot; help@moz.com)"
216.244.66.196 - - [19/Sep/2024:14:03:03 -0400] "GET /?_=%2Fen%2Fpesquisador%2F678511%23mznodK3gexnlTiw%2FnsXciLuAh5E%3D HTTP/1.1" 200 343 "-" "Mozilla/5.0 (compatible; DotBot/1.2; +https://opensiteexplorer.org/dotbot; help@moz.com)"
216.244.66.196 - - [19/Sep/2024:14:03:03 -0400] "GET /?_=%2Festatisticas%2F156%2Fauxilios%23mznodK3gexnhWXI8jMWXmbk%3D HTTP/1.1" 200 343 "-" "Mozilla/5.0 (compatible; DotBot/1.2; +https://opensiteexplorer.org/dotbot; help@moz.com)"
216.244.66.196 - - [19/Sep/2024:14:03:05 -0400] "GET /?_=%2Fj%2Faa%2Fi%2F2021.v51n4%2F%23mznodOT1e0HwTywqnNzcl6SAh5E%3D HTTP/1.1" 200 343 "-" "Mozilla/5.0 (compatible; DotBot/1.2; +https://opensiteexplorer.org/dotbot; help@moz.com)"
216.244.66.196 - - [19/Sep/2024:14:03:06 -0400] "GET /?_=%2Fj%2Fabd%2Fi%2F2003.v78n5%2F%23mznodK3gexnwT3V3jNbQnqfBy4H6 HTTP/1.1" 200 343 "-" "Mozilla/5.0 (compatible; DotBot/1.2; +https://opensiteexplorer.org/dotbot; help@moz.com)"
216.244.66.196 - - [19/Sep/2024:14:03:08 -0400] "GET /?_=%2Fj%2Fbjmbr%2Fi%2F2003.v36n11%2F%23mznodK3gexnwT3V3jNbQnqfBy4H6 HTTP/1.1" 200 343 "-" "Mozilla/5.0 (compatible; DotBot/1.2; +https://opensiteexplorer.org/dotbot; help@moz.com)"
216.244.66.196 - - [19/Sep/2024:14:03:09 -0400] "GET /?_=%2Fj%2Fbjmbr%2Fi%2F2005.v38n8%2F%23mznodK3gexnwT3V3jNbQnqfBy4H6 HTTP/1.1" 200 343 "-" "Mozilla/5.0 (compatible; DotBot/1.2; +https://opensiteexplorer.org/dotbot; help@moz.com)"
216.244.66.196 - - [19/Sep/2024:14:03:11 -0400] "GET /?_=%2Fj%2Fjbpneu%2Fi%2F2009.v35n4%2F%23mznodK3gexnwT3V3jNbQnqfBy4H6 HTTP/1.1" 200 343 "-" "Mozilla/5.0 (compatible; DotBot/1.2; +https://opensiteexplorer.org/dotbot; help@moz.com)"
216.244.66.196 - - [19/Sep/2024:14:03:11 -0400] "GET /?_=%2Fj%2Fjbpneu%2Fi%2F2018.v44n2%2F%23mznodK3gexnwT3V3jNbQnqfBy4H6 HTTP/1.1" 200 343 "-" "Mozilla/5.0 (compatible; DotBot/1.2; +https://opensiteexplorer.org/dotbot; help@moz.com)"
216.244.66.196 - - [19/Sep/2024:14:03:13 -0400] "GET /?_=%2Fjournal%2Fbja%2Fabout%2F%23mznodOT1e1TrV2V3jNbQnqfBy4z6BQ%3D%3D HTTP/1.1" 200 343 "-" "Mozilla/5.0 (compatible; DotBot/1.2; +https://opensiteexplorer.org/dotbot; help@moz.com)"
216.244.66.196 - - [19/Sep/2024:14:03:14 -0400] "GET /?_=%2Fpubmed%2F1506854%23mznodK3gexnwT3V3kdbbkuXAiY6mDM8rvRDnnA%3D%3D HTTP/1.1" 200 343 "-" "Mozilla/5.0 (compatible; DotBot/1.2; +https://opensiteexplorer.org/dotbot; help@moz.com)"
216.244.66.196 - - [19/Sep/2024:14:03:14 -0400] "GET /?_=%2Fscieloorg%2Fsearch-journals%2Fissues%23mznodK3gexngUXYxiteXmKTD HTTP/1.1" 200 343 "-" "Mozilla/5.0 (compatible; DotBot/1.2; +https://opensiteexplorer.org/dotbot; help@moz.com)"
216.244.66.196 - - [19/Sep/2024:14:03:15 -0400] "GET /?_=%2Ftoc%2Fcsp%2F2022.v38n1%23mznodOT1e0HwTywqnNzcl6Tdlc3nEME%3D HTTP/1.1" 200 343 "-" "Mozilla/5.0 (compatible; DotBot/1.2; +https://opensiteexplorer.org/dotbot; help@moz.com)"
216.244.66.196 - - [19/Sep/2024:14:03:01 -0400] "GET /?_=%2Fcollection%2Fhealth-policy%23mznodK3gexnwT3V3ktDdibPHk83nEME%3D HTTP/1.1" 200 343 "-" "Mozilla/5.0 (compatible; DotBot/1.2; +https://opensiteexplorer.org/dotbot; help@moz.com)"
216.244.66.196 - - [19/Sep/2024:14:03:04 -0400] "GET /?_=%2Fglobo-rural%2F302%23mznodK3gexnpWW8wm9zY1a3PlYb7Eogh4Q%3D%3D HTTP/1.1" 200 343 "-" "Mozilla/5.0 (compatible; DotBot/1.2; +https://opensiteexplorer.org/dotbot; help@moz.com)"
216.244.66.196 - - [19/Sep/2024:14:03:07 -0400] "GET /?_=%2Fj%2Fabd%2Fi%2F2009.v84n6%2F%23mznodK3gexnwT3V3jNbQnqfBy4H6 HTTP/1.1" 200 343 "-" "Mozilla/5.0 (compatible; DotBot/1.2; +https://opensiteexplorer.org/dotbot; help@moz.com)"
216.244.66.196 - - [19/Sep/2024:14:03:08 -0400] "GET /?_=%2Fj%2Fabd%2Fi%2F2017.v92n3%2F%23mznodK3gexnwT3V3jNbQnqfBy4H6 HTTP/1.1" 200 343 "-" "Mozilla/5.0 (compatible; DotBot/1.2; +https://opensiteexplorer.org/dotbot; help@moz.com)"
216.244.66.196 - - [19/Sep/2024:14:03:10 -0400] "GET /?_=%2Fj%2Fbjmbr%2Fi%2F2019.v52n12%2F%23mznodK3gexnwT3V3jNbQnqfBy4H6 HTTP/1.1" 200 343 "-" "Mozilla/5.0 (compatible; DotBot/1.2; +https://opensiteexplorer.org/dotbot; help@moz.com)"
216.244.66.196 - - [19/Sep/2024:14:03:10 -0400] "GET /?_=%2Fj%2Fciedu%2Fi%2F2000.v6n2%2F%23mznodK3gexnwT3V3jNbQnqfBy4H6 HTTP/1.1" 200 343 "-" "Mozilla/5.0 (compatible; DotBot/1.2; +https://opensiteexplorer.org/dotbot; help@moz.com)"
216.244.66.196 - - [19/Sep/2024:14:03:11 -0400] "GET /?_=%2Fj%2Fjatm%2Fi%2F2013.v5n1%2F%23mznodK3gexnwT3V3jNbQnqfBy4H6 HTTP/1.1" 200 343 "-" "Mozilla/5.0 (compatible; DotBot/1.2; +https://opensiteexplorer.org/dotbot; help@moz.com)"
216.244.66.196 - - [19/Sep/2024:14:03:12 -0400] "GET /?_=%2Fj%2Fjped%2Fi%2F2005.v81n3%2F%23mznodK3gexnwT3V3jNbQnqfBy4H6 HTTP/1.1" 200 343 "-" "Mozilla/5.0 (compatible; DotBot/1.2; +https://opensiteexplorer.org/dotbot; help@moz.com)"
216.244.66.196 - - [19/Sep/2024:14:03:12 -0400] "GET /?_=%2Fj%2Fjped%2Fi%2F2011.v87n2%2F%23mznodK3gexnwT3V3jNbQnqfBy4H6 HTTP/1.1" 200 343 "-" "Mozilla/5.0 (compatible; DotBot/1.2; +https://opensiteexplorer.org/dotbot; help@moz.com)"
216.244.66.196 - - [19/Sep/2024:14:03:12 -0400] "GET /?_=%2Fj%2Frbhh%2Fi%2F2017.v39n4%2F%23mznodK3gexnwT3V3jNbQnqfBy4H6 HTTP/1.1" 200 343 "-" "Mozilla/5.0 (compatible; DotBot/1.2; +https://opensiteexplorer.org/dotbot; help@moz.com)"
216.244.66.196 - - [19/Sep/2024:14:03:13 -0400] "GET /?_=%2Fpdf%2Frlae%2Fv18n1%2F14.pdf%23mznodOT1e0HwTywqnNzcl6SAh5E%3D HTTP/1.1" 200 343 "-" "Mozilla/5.0 (compatible; DotBot/1.2; +https://opensiteexplorer.org/dotbot; help@moz.com)"
216.244.66.196 - - [19/Sep/2024:14:03:13 -0400] "GET /?_=%2Fpfpmcg%2F2016%2Finstitucional%23mznodK3gexnhWXI8jMWXmbk%3D HTTP/1.1" 200 343 "-" "Mozilla/5.0 (compatible; DotBot/1.2; +https://opensiteexplorer.org/dotbot; help@moz.com)"
