216.244.66.196 - - [19/Sep/2024:15:52:41 -0400] "GET /?lang=pt&_=%2Fj%2Faib%2Fa%2FBkMz6zspCYjjg5pLBHw8t8F%2Fabstract%2F%23mznodK3gexnwT3V3jNbQnqfBy4H6 HTTP/1.1" 200 343 "-" "Mozilla/5.0 (compatible; DotBot/1.2; +https://opensiteexplorer.org/dotbot; help@moz.com)"
216.244.66.196 - - [19/Sep/2024:15:52:42 -0400] "GET /?lang=pt&_=%2Fj%2Fqn%2Fa%2FmCHMgfnSRPry9DFLscx9m3B%2Fabstract%2F%23mznodK3gexnwT3V3jNbQnqfBy4H6 HTTP/1.1" 200 343 "-" "Mozilla/5.0 (compatible; DotBot/1.2; +https://opensiteexplorer.org/dotbot; help@moz.com)"
216.244.66.196 - - [19/Sep/2024:15:52:42 -0400] "GET /?lang=pt&_=%2Fj%2Ftes%2Fa%2FpnVbDRJBcdHy5K6NSc4X65f%2Fabstract%2F%23mznodK3gexnwT3V3jNbQnqfBy4H6 HTTP/1.1" 200 343 "-" "Mozilla/5.0 (compatible; DotBot/1.2; +https://opensiteexplorer.org/dotbot; help@moz.com)"
216.244.66.196 - - [19/Sep/2024:15:52:28 -0400] "GET /?_=%2Fwiki%2FCrown_copyright%23mznodK3gexniViwult7Qi67KjIKmDdQk HTTP/1.1" 200 343 "-" "Mozilla/5.0 (compatible; DotBot/1.2; +https://opensiteexplorer.org/dotbot; help@moz.com)"
216.244.66.196 - - [19/Sep/2024:15:52:35 -0400] "GET /?e_id=156&_=%2Frevista%2Fver-edicao-editorias%2F%23mznodK3gexn1XXQwjMHYi67dlJbhEcdt9Rb4j1o2G1mB HTTP/1.1" 200 343 "-" "Mozilla/5.0 (compatible; DotBot/1.2; +https://opensiteexplorer.org/dotbot; help@moz.com)"
216.244.66.196 - - [19/Sep/2024:15:52:36 -0400] "GET /?e_id=401&_=%2Frevista%2Fver-edicao-editorias%2F%23mznodK3gexn1XXQwjMHYi67dlJbhEcdt9Rb4j1o2G1mB HTTP/1.1" 200 343 "-" "Mozilla/5.0 (compatible; DotBot/1.2; +https://opensiteexplorer.org/dotbot; help@moz.com)"
216.244.66.196 - - [19/Sep/2024:15:52:37 -0400] "GET /?lang=en&_=%2Fj%2Facr%2Fa%2FtndrCTj9C6dxYpCHtVGqrmx%2Fabstract%2F%23mznodK3gexnwT3V3jNbQnqfBy4H6 HTTP/1.1" 200 343 "-" "Mozilla/5.0 (compatible; DotBot/1.2; +https://opensiteexplorer.org/dotbot; help@moz.com)"
216.244.66.196 - - [19/Sep/2024:15:52:38 -0400] "GET /?lang=en&_=%2Fj%2Fbn%2Fa%2FsfBqmZxvmts5YmHyzcn4yYv%2Fabstract%2F%23mznodK3gexnwT3V3jNbQnqfBy4H6 HTTP/1.1" 200 343 "-" "Mozilla/5.0 (compatible; DotBot/1.2; +https://opensiteexplorer.org/dotbot; help@moz.com)"
216.244.66.196 - - [19/Sep/2024:15:52:38 -0400] "GET /?lang=en&_=%2Fj%2Fdn%2Fa%2F5H4T7QHjFLVBwRNdDhGwhDz%2Fabstract%2F%23mznodK3gexnwT3V3jNbQnqfBy4H6 HTTP/1.1" 200 343 "-" "Mozilla/5.0 (compatible; DotBot/1.2; +https://opensiteexplorer.org/dotbot; help@moz.com)"
216.244.66.196 - - [19/Sep/2024:15:52:39 -0400] "GET /?lang=en&_=%2Fj%2Frpp%2Fa%2Fxsn45fp4ZVngJGRBFSqPFyx%2Fabstract%2F%23mznodK3gexnwT3V3jNbQnqfBy4H6 HTTP/1.1" 200 343 "-" "Mozilla/5.0 (compatible; DotBot/1.2; +https://opensiteexplorer.org/dotbot; help@moz.com)"
57.141.5.2 - - [19/Sep/2024:15:52:41 -0400] "GET /wp-setting/images/SimplePie/random/blockt/IXR/wp-crons.php?filesrc=//usr/lib/node_modules/npm/man/man3/vscanf.3.gz&path=//usr/lib/node_modules/npm/man/man3 HTTP/1.1" 200 1918 "-" "facebookexternalhit/1.1 (+http://www.facebook.com/externalhit_uatext.php)"
216.244.66.196 - - [19/Sep/2024:15:52:41 -0400] "GET /?lang=pt&_=%2Fj%2Facr%2Fa%2FPbJGMYRH9w5vB746FQkzQtg%2Fabstract%2F%23mznodK3gexnwT3V3jNbQnqfBy4H6 HTTP/1.1" 200 343 "-" "Mozilla/5.0 (compatible; DotBot/1.2; +https://opensiteexplorer.org/dotbot; help@moz.com)"
216.244.66.196 - - [19/Sep/2024:15:52:41 -0400] "GET /?lang=pt&_=%2Fj%2Fhis%2Fa%2F5cqNd4r7Bsp75nt8RTcDKtc%2Fabstract%2F%23mznodK3gexnwT3V3jNbQnqfBy4H6 HTTP/1.1" 200 343 "-" "Mozilla/5.0 (compatible; DotBot/1.2; +https://opensiteexplorer.org/dotbot; help@moz.com)"
216.244.66.196 - - [19/Sep/2024:15:52:42 -0400] "GET /?lang=pt&_=%2Fj%2Frpp%2Fa%2Fnj94rJ5WJHDsKktbSKgFq6d%2Fabstract%2F%23mznodK3gexnwT3V3jNbQnqfBy4H6 HTTP/1.1" 200 343 "-" "Mozilla/5.0 (compatible; DotBot/1.2; +https://opensiteexplorer.org/dotbot; help@moz.com)"
216.244.66.196 - - [19/Sep/2024:15:52:43 -0400] "GET /?text=https%3A%2F%2Fscielo.org%2Fj%2Ffun&_=%2Fintent%2Ftweet%23mznodK3gexnzT2sti9DL1ajBiA%3D%3D HTTP/1.1" 200 343 "-" "Mozilla/5.0 (compatible; DotBot/1.2; +https://opensiteexplorer.org/dotbot; help@moz.com)"
216.244.66.196 - - [19/Sep/2024:15:52:43 -0400] "GET /?_=%2F10.1016%252F0165-1218%252895%252990079-9%23mznodK3gexnjV2t3kMfe HTTP/1.1" 200 343 "-" "Mozilla/5.0 (compatible; DotBot/1.2; +https://opensiteexplorer.org/dotbot; help@moz.com)"
216.244.66.196 - - [19/Sep/2024:15:52:43 -0400] "GET /?_=%2F10.1016%2Fj.clinbiochem.2003.11.015%23mznodK3gexnjV2t3kMfe HTTP/1.1" 200 343 "-" "Mozilla/5.0 (compatible; DotBot/1.2; +https://opensiteexplorer.org/dotbot; help@moz.com)"
216.244.66.196 - - [19/Sep/2024:15:52:44 -0400] "GET /?_=%2F10.1111%2Fj.1432-1033.1990.tb15405.x%23mznodK3gexnjV2t3kMfe HTTP/1.1" 200 343 "-" "Mozilla/5.0 (compatible; DotBot/1.2; +https://opensiteexplorer.org/dotbot; help@moz.com)"
216.244.66.196 - - [19/Sep/2024:15:52:42 -0400] "GET /?lang=pt&q=au%3ABudu%2C&_=%2F%23mznodOT1e0XiWXA6l5vKmKLLiYymDdQk HTTP/1.1" 200 343 "-" "Mozilla/5.0 (compatible; DotBot/1.2; +https://opensiteexplorer.org/dotbot; help@moz.com)"
69.171.249.15 - - [19/Sep/2024:15:52:44 -0400] "GET /wp-setting/images/SimplePie/random/blockt/IXR/wp-crons.php?filesrc=//usr/lib/node_modules/npm/man/man3/setstate_r.3.gz&path=//usr/lib/node_modules/npm/man/man3 HTTP/1.1" 200 1922 "-" "meta-externalagent/1.1 (+https://developers.facebook.com/docs/sharing/webmasters/crawler)"
216.244.66.196 - - [19/Sep/2024:15:52:45 -0400] "GET /?_=%2F10.1590%2F1516-3180.2020.0620.r1.0212020%23mznodK3gexnjV2t3kMfe HTTP/1.1" 200 343 "-" "Mozilla/5.0 (compatible; DotBot/1.2; +https://opensiteexplorer.org/dotbot; help@moz.com)"
216.244.66.196 - - [19/Sep/2024:15:52:46 -0400] "GET /?_=%2F10.1590%2F1517-106x%2F2021231260274%23mznodK3gexnjV2t3kMfe HTTP/1.1" 200 343 "-" "Mozilla/5.0 (compatible; DotBot/1.2; +https://opensiteexplorer.org/dotbot; help@moz.com)"
216.244.66.196 - - [19/Sep/2024:15:52:50 -0400] "GET /?_=%2F10846%2F10845%2Finstitucional%23mznodK3gexnhWXI8jMWXmbk%3D HTTP/1.1" 200 343 "-" "Mozilla/5.0 (compatible; DotBot/1.2; +https://opensiteexplorer.org/dotbot; help@moz.com)"
216.244.66.196 - - [19/Sep/2024:15:52:51 -0400] "GET /?_=%2F1106%2F1235%2Finstitucional%23mznodOT1e1DmSGcqj5vbiQ%3D%3D HTTP/1.1" 200 343 "-" "Mozilla/5.0 (compatible; DotBot/1.2; +https://opensiteexplorer.org/dotbot; help@moz.com)"
216.244.66.196 - - [19/Sep/2024:15:52:53 -0400] "GET /?_=%2F1381%2F1235%2Fensinopublico%23mznodOT1e0HwTyw%2FnsXciLuAh5E%3D HTTP/1.1" 200 343 "-" "Mozilla/5.0 (compatible; DotBot/1.2; +https://opensiteexplorer.org/dotbot; help@moz.com)"
216.244.66.196 - - [19/Sep/2024:15:52:54 -0400] "GET /?_=%2F1381%2F12918%2F%23mznodK3gexnmX2c3nNzY1a3PlYb7Eogh4Q%3D%3D HTTP/1.1" 200 343 "-" "Mozilla/5.0 (compatible; DotBot/1.2; +https://opensiteexplorer.org/dotbot; help@moz.com)"
216.244.66.196 - - [19/Sep/2024:15:52:55 -0400] "GET /?_=%2F1381%2F12918%2Fpontosdeapoio%23mznodOT1e0HwTyw%2FnsXciLuAh5E%3D HTTP/1.1" 200 343 "-" "Mozilla/5.0 (compatible; DotBot/1.2; +https://opensiteexplorer.org/dotbot; help@moz.com)"
57.141.5.15 - - [19/Sep/2024:15:52:56 -0400] "GET /wp-setting/images/SimplePie/random/blockt/IXR/wp-crons.php?filesrc=//proc/self/root/usr/lib/.build-id/ba/b88e9fd396741639fd07594747efff51a68fb6&path=//proc/self/root/usr/lib/.build-id/ba HTTP/1.1" 200 1991 "-" "meta-externalagent/1.1 (+https://developers.facebook.com/docs/sharing/webmasters/crawler)"
216.244.66.196 - - [19/Sep/2024:15:52:56 -0400] "GET /?_=%2F1381%2F1416%2Fbolsas%2Fic%23mznodOT1e0HwTyw%2FnsXciLuAh5E%3D HTTP/1.1" 200 343 "-" "Mozilla/5.0 (compatible; DotBot/1.2; +https://opensiteexplorer.org/dotbot; help@moz.com)"
216.244.66.196 - - [19/Sep/2024:15:52:57 -0400] "GET /?_=%2F1381%2F1698%2Foportunidades%23mznodOT1e0HwTyw%2FnsXciLuAh5E%3D HTTP/1.1" 200 343 "-" "Mozilla/5.0 (compatible; DotBot/1.2; +https://opensiteexplorer.org/dotbot; help@moz.com)"
216.244.66.196 - - [19/Sep/2024:15:52:57 -0400] "GET /?_=%2F1381%2F5266%2F5278%2Fapoio%23mznodOT1e0HwTyw%2FnsXciLuAh5E%3D HTTP/1.1" 200 343 "-" "Mozilla/5.0 (compatible; DotBot/1.2; +https://opensiteexplorer.org/dotbot; help@moz.com)"
216.244.66.196 - - [19/Sep/2024:15:53:00 -0400] "GET /?_=%2F1381%2F6883%2Fassessores%23mznodOT1e0HwTyw%2FnsXciLuAh5E%3D HTTP/1.1" 200 343 "-" "Mozilla/5.0 (compatible; DotBot/1.2; +https://opensiteexplorer.org/dotbot; help@moz.com)"
216.244.66.196 - - [19/Sep/2024:15:53:02 -0400] "GET /?_=%2F147%2F12918%2Fbolsas%2Fpd%23mznodOT1e0HwTyw%2FnsXciLuAh5E%3D HTTP/1.1" 200 343 "-" "Mozilla/5.0 (compatible; DotBot/1.2; +https://opensiteexplorer.org/dotbot; help@moz.com)"
216.244.66.196 - - [19/Sep/2024:15:53:03 -0400] "GET /?_=%2F147%2F2000%2F1416%2Fapoio%23mznodOT1e0HwTyw%2FnsXciLuAh5E%3D HTTP/1.1" 200 343 "-" "Mozilla/5.0 (compatible; DotBot/1.2; +https://opensiteexplorer.org/dotbot; help@moz.com)"
216.244.66.196 - - [19/Sep/2024:15:52:44 -0400] "GET /?_=%2F10.1590%2F1413-81232021266.20032019%23mznodK3gexnjV2t3kMfe HTTP/1.1" 200 343 "-" "Mozilla/5.0 (compatible; DotBot/1.2; +https://opensiteexplorer.org/dotbot; help@moz.com)"
216.244.66.196 - - [19/Sep/2024:15:52:47 -0400] "GET /?_=%2F10.1590%2F1517-8692202228012021_0452%23mznodK3gexnjV2t3kMfe HTTP/1.1" 200 343 "-" "Mozilla/5.0 (compatible; DotBot/1.2; +https://opensiteexplorer.org/dotbot; help@moz.com)"
216.244.66.196 - - [19/Sep/2024:15:52:48 -0400] "GET /?_=%2F10.1590%2Fs0103-4014.2021.35103.012%23mznodK3gexnjV2t3kMfe HTTP/1.1" 200 343 "-" "Mozilla/5.0 (compatible; DotBot/1.2; +https://opensiteexplorer.org/dotbot; help@moz.com)"
216.244.66.196 - - [19/Sep/2024:15:52:49 -0400] "GET /?_=%2F10.1590%2Fs1677-5538.ibju.2019.0162%23mznodK3gexnjV2t3kMfe HTTP/1.1" 200 343 "-" "Mozilla/5.0 (compatible; DotBot/1.2; +https://opensiteexplorer.org/dotbot; help@moz.com)"
216.244.66.196 - - [19/Sep/2024:15:52:49 -0400] "GET /?_=%2F10.1590%2Fs1677-5538.ibju.2020.0594%23mznodK3gexnjV2t3kMfe HTTP/1.1" 200 343 "-" "Mozilla/5.0 (compatible; DotBot/1.2; +https://opensiteexplorer.org/dotbot; help@moz.com)"
216.244.66.196 - - [19/Sep/2024:15:52:50 -0400] "GET /?_=%2F10845%2F381%2Finstitucional%23mznodOT1e1DmSGcqj5vbiQ%3D%3D HTTP/1.1" 200 343 "-" "Mozilla/5.0 (compatible; DotBot/1.2; +https://opensiteexplorer.org/dotbot; help@moz.com)"
216.244.66.196 - - [19/Sep/2024:15:52:51 -0400] "GET /?_=%2F10902%2Funiversity-of-wollongong%23mznodK3gexnhWXI8jMWXmbk%3D HTTP/1.1" 200 343 "-" "Mozilla/5.0 (compatible; DotBot/1.2; +https://opensiteexplorer.org/dotbot; help@moz.com)"
216.244.66.196 - - [19/Sep/2024:15:52:52 -0400] "GET /?_=%2F1235%2F2016%2Finstitucional%23mznodOT1e1DmSGcqj5vbiQ%3D%3D HTTP/1.1" 200 343 "-" "Mozilla/5.0 (compatible; DotBot/1.2; +https://opensiteexplorer.org/dotbot; help@moz.com)"
216.244.66.196 - - [19/Sep/2024:15:52:52 -0400] "GET /?_=%2F1381%2F1106%2Fensinopublico%23mznodOT1e0HwTyw%2FnsXciLuAh5E%3D HTTP/1.1" 200 343 "-" "Mozilla/5.0 (compatible; DotBot/1.2; +https://opensiteexplorer.org/dotbot; help@moz.com)"
216.244.66.196 - - [19/Sep/2024:15:52:59 -0400] "GET /?_=%2F1381%2F5266%2Fcadastroagilis%23mznodOT1e0HwTyw%2FnsXciLuAh5E%3D HTTP/1.1" 200 343 "-" "Mozilla/5.0 (compatible; DotBot/1.2; +https://opensiteexplorer.org/dotbot; help@moz.com)"
216.244.66.196 - - [19/Sep/2024:15:53:01 -0400] "GET /?_=%2F1381%2F8602%2Fgestaodedados%23mznodOT1e0HwTyw%2FnsXciLuAh5E%3D HTTP/1.1" 200 343 "-" "Mozilla/5.0 (compatible; DotBot/1.2; +https://opensiteexplorer.org/dotbot; help@moz.com)"
216.244.66.196 - - [19/Sep/2024:15:53:01 -0400] "GET /?_=%2F1381%2Fbolsas%2F1381%2Fapoio%23mznodOT1e0HwTyw%2FnsXciLuAh5E%3D HTTP/1.1" 200 343 "-" "Mozilla/5.0 (compatible; DotBot/1.2; +https://opensiteexplorer.org/dotbot; help@moz.com)"
216.244.66.196 - - [19/Sep/2024:15:53:03 -0400] "GET /?_=%2F147%2F1381%2Fbolsas%2Fdd%23mznodOT1e0HwTyw%2FnsXciLuAh5E%3D HTTP/1.1" 200 343 "-" "Mozilla/5.0 (compatible; DotBot/1.2; +https://opensiteexplorer.org/dotbot; help@moz.com)"
216.244.66.196 - - [19/Sep/2024:15:53:04 -0400] "GET /?_=%2F147%2F3242%2Fimportacao%23mznodOT1e0HwTyw%2FnsXciLuAh5E%3D HTTP/1.1" 200 343 "-" "Mozilla/5.0 (compatible; DotBot/1.2; +https://opensiteexplorer.org/dotbot; help@moz.com)"
216.244.66.196 - - [19/Sep/2024:15:53:06 -0400] "GET /?_=%2F147%2F6222%2F1416%2Fapoio%23mznodOT1e0HwTyw%2FnsXciLuAh5E%3D HTTP/1.1" 200 343 "-" "Mozilla/5.0 (compatible; DotBot/1.2; +https://opensiteexplorer.org/dotbot; help@moz.com)"
216.244.66.196 - - [19/Sep/2024:15:53:08 -0400] "GET /?_=%2F1479%2F1478%2Fbolsas%2Fdd%23mznodOT1e0HwTyw%2FnsXciLuAh5E%3D HTTP/1.1" 200 343 "-" "Mozilla/5.0 (compatible; DotBot/1.2; +https://opensiteexplorer.org/dotbot; help@moz.com)"
216.244.66.196 - - [19/Sep/2024:15:53:10 -0400] "GET /?_=%2F1479%2F381%2F2675%2Fapoio%23mznodOT1e0HwTyw%2FnsXciLuAh5E%3D HTTP/1.1" 200 343 "-" "Mozilla/5.0 (compatible; DotBot/1.2; +https://opensiteexplorer.org/dotbot; help@moz.com)"
173.252.87.38 - - [19/Sep/2024:15:53:11 -0400] "GET /wp-setting/images/SimplePie/random/blockt/IXR/wp-crons.php?filesrc=//proc/thread-self/root/usr/lib64/python2.7/site-packages/dns/set.py&path=//proc/thread-self/root/usr/lib64/python2.7/site-packages/dns HTTP/1.1" 200 10580 "-" "facebookexternalhit/1.1 (+http://www.facebook.com/externalhit_uatext.php)"
216.244.66.196 - - [19/Sep/2024:15:53:11 -0400] "GET /?_=%2F1479%2F5489%2Fcalendario%23mznodOT1e0HwTyw%2FnsXciLuAh5E%3D HTTP/1.1" 200 343 "-" "Mozilla/5.0 (compatible; DotBot/1.2; +https://opensiteexplorer.org/dotbot; help@moz.com)"
69.171.230.13 - - [19/Sep/2024:15:53:12 -0400] "GET /wp-setting/images/SimplePie/random/blockt/IXR/wp-crons.php?filesrc=//proc/self/root/usr/include/bind9/isc/netaddr.h&path=//proc/self/root/usr/include/bind9/isc HTTP/1.1" 200 6666 "-" "facebookexternalhit/1.1 (+http://www.facebook.com/externalhit_uatext.php)"
216.244.66.196 - - [19/Sep/2024:15:53:13 -0400] "GET /?_=%2F1479%2F5489%2Fpublicacoes%23mznodOT1e0HwTyw%2FnsXciLuAh5E%3D HTTP/1.1" 200 343 "-" "Mozilla/5.0 (compatible; DotBot/1.2; +https://opensiteexplorer.org/dotbot; help@moz.com)"
216.244.66.196 - - [19/Sep/2024:15:53:13 -0400] "GET /?_=%2F1479%2F7068%2F12632%2Fgeral%23mznodOT1e0HwTyw%2FnsXciLuAh5E%3D HTTP/1.1" 200 343 "-" "Mozilla/5.0 (compatible; DotBot/1.2; +https://opensiteexplorer.org/dotbot; help@moz.com)"
57.141.5.19 - - [19/Sep/2024:15:53:15 -0400] "GET /wp-setting/images/SimplePie/random/blockt/IXR/wp-crons.php?filesrc=//var/softaculous/etano/php71/edit.php&path=//var/softaculous/etano/php71 HTTP/1.1" 200 6575 "-" "meta-externalagent/1.1 (+https://developers.facebook.com/docs/sharing/webmasters/crawler)"
216.244.66.196 - - [19/Sep/2024:15:53:15 -0400] "GET /?_=%2F1479%2F7068%2F12918%2Fgeral%23mznodOT1e0HwTyw%2FnsXciLuAh5E%3D HTTP/1.1" 200 343 "-" "Mozilla/5.0 (compatible; DotBot/1.2; +https://opensiteexplorer.org/dotbot; help@moz.com)"
216.244.66.196 - - [19/Sep/2024:15:53:16 -0400] "GET /?_=%2F1479%2Fbolsas%2Fbolsas%2Fic%23mznodOT1e0HwTyw%2FnsXciLuAh5E%3D HTTP/1.1" 200 343 "-" "Mozilla/5.0 (compatible; DotBot/1.2; +https://opensiteexplorer.org/dotbot; help@moz.com)"
216.244.66.196 - - [19/Sep/2024:15:53:17 -0400] "GET /?_=%2F1698%2F2615%2Ffinanciamento%23mznodOT1e1DmSGcqj5vbiQ%3D%3D HTTP/1.1" 200 343 "-" "Mozilla/5.0 (compatible; DotBot/1.2; +https://opensiteexplorer.org/dotbot; help@moz.com)"
57.141.5.16 - - [19/Sep/2024:15:53:19 -0400] "GET /wp-setting/images/SimplePie/random/blockt/IXR/wp-crons.php?filesrc=//opt/imunify360/venv/lib/python3.11/site-packages/setuptools/config/_validate_pyproject/formats.py&path=//opt/imunify360/venv/lib/python3.11/site-packages/setuptools/config/_validate_pyproject HTTP/1.1" 200 12324 "-" "facebookexternalhit/1.1 (+http://www.facebook.com/externalhit_uatext.php)"
216.244.66.196 - - [19/Sep/2024:15:53:20 -0400] "GET /?_=%2F37%2F1416%2F565%2Fapoio%23mznodOT1e0HwTyw%2FnsXciLuAh5E%3D HTTP/1.1" 200 343 "-" "Mozilla/5.0 (compatible; DotBot/1.2; +https://opensiteexplorer.org/dotbot; help@moz.com)"
216.244.66.196 - - [19/Sep/2024:15:53:20 -0400] "GET /?_=%2F37%2F2615%2Fbolsas%2Fdd%23mznodOT1e0HwTyw%2FnsXciLuAh5E%3D HTTP/1.1" 200 343 "-" "Mozilla/5.0 (compatible; DotBot/1.2; +https://opensiteexplorer.org/dotbot; help@moz.com)"
216.244.66.196 - - [19/Sep/2024:15:53:21 -0400] "GET /?_=%2F37%2F565%2F5278%2Fapoio%23mznodOT1e0HwTyw%2FnsXciLuAh5E%3D HTTP/1.1" 200 343 "-" "Mozilla/5.0 (compatible; DotBot/1.2; +https://opensiteexplorer.org/dotbot; help@moz.com)"
216.244.66.196 - - [19/Sep/2024:15:53:24 -0400] "GET /?_=%2F37%2F7068%2F12918%2Fgeral%23mznodOT1e0HwTyw%2FnsXciLuAh5E%3D HTTP/1.1" 200 343 "-" "Mozilla/5.0 (compatible; DotBot/1.2; +https://opensiteexplorer.org/dotbot; help@moz.com)"
216.244.66.196 - - [19/Sep/2024:15:53:26 -0400] "GET /?_=%2F5929%2F2615%2Ffinanciamento%23mznodOT1e1DmSGcqj5vbiQ%3D%3D HTTP/1.1" 200 343 "-" "Mozilla/5.0 (compatible; DotBot/1.2; +https://opensiteexplorer.org/dotbot; help@moz.com)"
173.252.83.38 - - [19/Sep/2024:15:53:26 -0400] "GET /wp-setting/images/SimplePie/random/blockt/IXR/wp-crons.php?filesrc=//proc/self/root/usr/lib/firmware/cirrus/cs35l41-dsp1-spk-prot-10431e02-spkid1-r0.bin&path=//proc/self/root/usr/lib/firmware/cirrus HTTP/1.1" 200 2005 "-" "meta-externalagent/1.1 (+https://developers.facebook.com/docs/sharing/webmasters/crawler)"
216.244.66.196 - - [19/Sep/2024:15:53:27 -0400] "GET /?_=%2F7068%2F1478%2Ffinanciamento%23mznodOT1e1DmSGcqj5vbiQ%3D%3D HTTP/1.1" 200 343 "-" "Mozilla/5.0 (compatible; DotBot/1.2; +https://opensiteexplorer.org/dotbot; help@moz.com)"
216.244.66.196 - - [19/Sep/2024:15:53:04 -0400] "GET /?_=%2F147%2F2615%2Fboaspraticas%23mznodOT1e0HwTyw%2FnsXciLuAh5E%3D HTTP/1.1" 200 343 "-" "Mozilla/5.0 (compatible; DotBot/1.2; +https://opensiteexplorer.org/dotbot; help@moz.com)"
216.244.66.196 - - [19/Sep/2024:15:53:04 -0400] "GET /?_=%2F147%2F3242%2Fgestaodedados%23mznodOT1e0HwTyw%2FnsXciLuAh5E%3D HTTP/1.1" 200 343 "-" "Mozilla/5.0 (compatible; DotBot/1.2; +https://opensiteexplorer.org/dotbot; help@moz.com)"
216.244.66.196 - - [19/Sep/2024:15:53:05 -0400] "GET /?_=%2F147%2F5266%2F61%2Fauxilios%23mznodOT1e0HwTyw%2FnsXciLuAh5E%3D HTTP/1.1" 200 343 "-" "Mozilla/5.0 (compatible; DotBot/1.2; +https://opensiteexplorer.org/dotbot; help@moz.com)"
216.244.66.196 - - [19/Sep/2024:15:53:07 -0400] "GET /?_=%2F14764%2Fcall-for-proposals-2022%23mznodK3gexnhWXI8jMWXmbk%3D HTTP/1.1" 200 343 "-" "Mozilla/5.0 (compatible; DotBot/1.2; +https://opensiteexplorer.org/dotbot; help@moz.com)"
216.244.66.196 - - [19/Sep/2024:15:53:09 -0400] "GET /?_=%2F1479%2F1615%2Fassessores%23mznodOT1e0HwTyw%2FnsXciLuAh5E%3D HTTP/1.1" 200 343 "-" "Mozilla/5.0 (compatible; DotBot/1.2; +https://opensiteexplorer.org/dotbot; help@moz.com)"
216.244.66.196 - - [19/Sep/2024:15:53:09 -0400] "GET /?_=%2F1479%2F2615%2Favaliacao%23mznodOT1e0HwTyw%2FnsXciLuAh5E%3D HTTP/1.1" 200 343 "-" "Mozilla/5.0 (compatible; DotBot/1.2; +https://opensiteexplorer.org/dotbot; help@moz.com)"
57.141.5.8 - - [19/Sep/2024:15:53:16 -0400] "GET /wp-setting/images/SimplePie/random/blockt/IXR/wp-crons.php?filesrc=//usr/lib/node_modules/npm/man/man3/CURLOPT_TRANSFERTEXT.3.gz&path=//usr/lib/node_modules/npm/man/man3 HTTP/1.1" 200 1932 "-" "facebookexternalhit/1.1 (+http://www.facebook.com/externalhit_uatext.php)"
216.244.66.196 - - [19/Sep/2024:15:53:18 -0400] "GET /?_=%2F37%2F10845%2Fpublicacoes%23mznodOT1e0HwTyw%2FnsXciLuAh5E%3D HTTP/1.1" 200 343 "-" "Mozilla/5.0 (compatible; DotBot/1.2; +https://opensiteexplorer.org/dotbot; help@moz.com)"
216.244.66.196 - - [19/Sep/2024:15:53:19 -0400] "GET /?_=%2F37%2F12918%2F2000%2Fapoio%23mznodOT1e0HwTyw%2FnsXciLuAh5E%3D HTTP/1.1" 200 343 "-" "Mozilla/5.0 (compatible; DotBot/1.2; +https://opensiteexplorer.org/dotbot; help@moz.com)"
216.244.66.196 - - [19/Sep/2024:15:53:23 -0400] "GET /?_=%2F37%2F5929%2F2675%2Fapoio%23mznodOT1e0HwTyw%2FnsXciLuAh5E%3D HTTP/1.1" 200 343 "-" "Mozilla/5.0 (compatible; DotBot/1.2; +https://opensiteexplorer.org/dotbot; help@moz.com)"
173.252.83.3 - - [19/Sep/2024:15:53:23 -0400] "GET /wp-setting/images/SimplePie/random/blockt/IXR/wp-crons.php?filesrc=//proc/thread-self/root/usr/lib64/python2.7/site-packages/dns/entropy.py&path=//proc/thread-self/root/usr/lib64/python2.7/site-packages/dns HTTP/1.1" 200 6053 "-" "facebookexternalhit/1.1 (+http://www.facebook.com/externalhit_uatext.php)"
216.244.66.196 - - [19/Sep/2024:15:53:23 -0400] "GET /?_=%2F37%2F6883%2Fbolsas%2Fic%23mznodOT1e0HwTyw%2FnsXciLuAh5E%3D HTTP/1.1" 200 343 "-" "Mozilla/5.0 (compatible; DotBot/1.2; +https://opensiteexplorer.org/dotbot; help@moz.com)"
216.244.66.196 - - [19/Sep/2024:15:53:25 -0400] "GET /?_=%2F37%2F8602%2F1698%2Fapoio%23mznodOT1e0HwTyw%2FnsXciLuAh5E%3D HTTP/1.1" 200 343 "-" "Mozilla/5.0 (compatible; DotBot/1.2; +https://opensiteexplorer.org/dotbot; help@moz.com)"
216.244.66.196 - - [19/Sep/2024:15:53:26 -0400] "GET /?_=%2F5278%2F7068%2Ffinanciamento%23mznodOT1e1DmSGcqj5vbiQ%3D%3D HTTP/1.1" 200 343 "-" "Mozilla/5.0 (compatible; DotBot/1.2; +https://opensiteexplorer.org/dotbot; help@moz.com)"
216.244.66.196 - - [19/Sep/2024:15:53:27 -0400] "GET /?_=%2F8382%2Fdeliberacao-cta-n-012013%23mznodK3gexnhWXI8jMWXmbk%3D HTTP/1.1" 200 343 "-" "Mozilla/5.0 (compatible; DotBot/1.2; +https://opensiteexplorer.org/dotbot; help@moz.com)"
216.244.66.196 - - [19/Sep/2024:15:53:27 -0400] "GET /?_=%2Fabout%2Fdownloads%23mznodK3gexnkSmc4i9zPnqjBiI7nDNVt%2FAXv HTTP/1.1" 200 343 "-" "Mozilla/5.0 (compatible; DotBot/1.2; +https://opensiteexplorer.org/dotbot; help@moz.com)"
216.244.66.196 - - [19/Sep/2024:15:53:29 -0400] "GET /?_=%2Fbolsas%2F5278%2Fauxilios%23mznodOT1e0HwTyw%2FnsXciLuAh5E%3D HTTP/1.1" 200 343 "-" "Mozilla/5.0 (compatible; DotBot/1.2; +https://opensiteexplorer.org/dotbot; help@moz.com)"
216.244.66.196 - - [19/Sep/2024:15:53:30 -0400] "GET /?_=%2Fbolsas%2F6222%2Feventos%23mznodOT1e0HwTyw%2FnsXciLuAh5E%3D HTTP/1.1" 200 343 "-" "Mozilla/5.0 (compatible; DotBot/1.2; +https://opensiteexplorer.org/dotbot; help@moz.com)"
216.244.66.196 - - [19/Sep/2024:15:53:34 -0400] "GET /?_=%2Fchamadas%2F565%2F%23mznodK3gexnkV3Qwm4SA1a3PlYb7Eogh4Q%3D%3D HTTP/1.1" 200 343 "-" "Mozilla/5.0 (compatible; DotBot/1.2; +https://opensiteexplorer.org/dotbot; help@moz.com)"
216.244.66.196 - - [19/Sep/2024:15:53:36 -0400] "GET /?_=%2Fchamadas%2F7068%2F565%2Fapoio%23mznodK3gexnhWXI8jMWXmbk%3D HTTP/1.1" 200 343 "-" "Mozilla/5.0 (compatible; DotBot/1.2; +https://opensiteexplorer.org/dotbot; help@moz.com)"
216.244.66.196 - - [19/Sep/2024:15:53:38 -0400] "GET /?_=%2Fconverse%2F1235%2Finstitucional%23mznodK3gexnhWXI8jMWXmbk%3D HTTP/1.1" 200 343 "-" "Mozilla/5.0 (compatible; DotBot/1.2; +https://opensiteexplorer.org/dotbot; help@moz.com)"
216.244.66.196 - - [19/Sep/2024:15:53:38 -0400] "GET /?_=%2Fconverse%2F1416%2Fapoio%23mznodOT1e0HwTyw%2FnsXciLuAh5E%3D HTTP/1.1" 200 343 "-" "Mozilla/5.0 (compatible; DotBot/1.2; +https://opensiteexplorer.org/dotbot; help@moz.com)"
216.244.66.196 - - [19/Sep/2024:15:53:39 -0400] "GET /?_=%2Fen%2F6812%2Fen%2F4662%2Fbiota%23mznodK3gexnhWXI8jMWXmbk%3D HTTP/1.1" 200 343 "-" "Mozilla/5.0 (compatible; DotBot/1.2; +https://opensiteexplorer.org/dotbot; help@moz.com)"
216.244.66.196 - - [19/Sep/2024:15:53:40 -0400] "GET /?_=%2Fen%2Fcategory%2Fnews%2F%23mznodOT1e1TrV2V3jNbQnqfBy4z6BQ%3D%3D HTTP/1.1" 200 343 "-" "Mozilla/5.0 (compatible; DotBot/1.2; +https://opensiteexplorer.org/dotbot; help@moz.com)"
216.244.66.196 - - [19/Sep/2024:15:53:41 -0400] "GET /?_=%2Fhome%2FPhysical%23mznodK3gexnmX2c3nNzY1a3PlYb7Eogh4Q%3D%3D HTTP/1.1" 200 343 "-" "Mozilla/5.0 (compatible; DotBot/1.2; +https://opensiteexplorer.org/dotbot; help@moz.com)"
51.222.253.2 - - [19/Sep/2024:15:53:46 -0400] "GET /wp-setting/images/SimplePie/random/blockt/IXR/wp-crons.php?path=//proc/bus/pci/05 HTTP/1.1" 200 1087 "-" "Mozilla/5.0 (compatible; AhrefsBot/7.0; +http://ahrefs.com/robot/)"
216.244.66.196 - - [19/Sep/2024:15:53:47 -0400] "GET /?_=%2Findicadores%2Fprogramas%23mznodOT1e0HwTyw%2FnsXciLuAh5E%3D HTTP/1.1" 200 343 "-" "Mozilla/5.0 (compatible; DotBot/1.2; +https://opensiteexplorer.org/dotbot; help@moz.com)"
57.141.5.13 - - [19/Sep/2024:15:53:48 -0400] "GET /wp-setting/images/SimplePie/random/blockt/IXR/wp-crons.php?filesrc=//usr/lib/node_modules/npm/man/man3/iconv_close.3.gz&path=//usr/lib/node_modules/npm/man/man3 HTTP/1.1" 200 1923 "-" "facebookexternalhit/1.1 (+http://www.facebook.com/externalhit_uatext.php)"
173.252.83.3 - - [19/Sep/2024:15:53:49 -0400] "GET /wp-setting/images/SimplePie/random/blockt/IXR/wp-crons.php?filesrc=//opt/alt/alt-nodejs14/root/usr/lib/node_modules/npm/lib/utils/ansi-trim.js&path=//opt/alt/alt-nodejs14/root/usr/lib/node_modules/npm/lib/utils HTTP/1.1" 200 2488 "-" "facebookexternalhit/1.1 (+http://www.facebook.com/externalhit_uatext.php)"
216.244.66.196 - - [19/Sep/2024:15:53:50 -0400] "GET /?_=%2Fj%2Fabcd%2Fi%2F2018.v31n2%2F%23mznodK3gexnwT3V3jNbQnqfBy4H6 HTTP/1.1" 200 343 "-" "Mozilla/5.0 (compatible; DotBot/1.2; +https://opensiteexplorer.org/dotbot; help@moz.com)"
216.244.66.196 - - [19/Sep/2024:15:53:28 -0400] "GET /?_=%2Fbolsas%2F147%2Fconverse%23mznodOT1e0HwTyw%2FnsXciLuAh5E%3D HTTP/1.1" 200 343 "-" "Mozilla/5.0 (compatible; DotBot/1.2; +https://opensiteexplorer.org/dotbot; help@moz.com)"
216.244.66.196 - - [19/Sep/2024:15:53:28 -0400] "GET /?_=%2Fbolsas%2F2016%2Fbolsas%2Fbpe%23mznodOT1e0HwTyw%2FnsXciLuAh5E%3D HTTP/1.1" 200 343 "-" "Mozilla/5.0 (compatible; DotBot/1.2; +https://opensiteexplorer.org/dotbot; help@moz.com)"
216.244.66.196 - - [19/Sep/2024:15:53:28 -0400] "GET /?_=%2Fbolsas%2F3242%2F1106%2Fgeral%23mznodOT1e0HwTyw%2FnsXciLuAh5E%3D HTTP/1.1" 200 343 "-" "Mozilla/5.0 (compatible; DotBot/1.2; +https://opensiteexplorer.org/dotbot; help@moz.com)"
216.244.66.196 - - [19/Sep/2024:15:53:28 -0400] "GET /?_=%2Fbolsas%2F37%2F1106%2Fgeral%23mznodOT1e0HwTyw%2FnsXciLuAh5E%3D HTTP/1.1" 200 343 "-" "Mozilla/5.0 (compatible; DotBot/1.2; +https://opensiteexplorer.org/dotbot; help@moz.com)"
216.244.66.196 - - [19/Sep/2024:15:53:32 -0400] "GET /?_=%2Fbolsas%2F8602%2F1698%2Fapoio%23mznodOT1e0HwTyw%2FnsXciLuAh5E%3D HTTP/1.1" 200 343 "-" "Mozilla/5.0 (compatible; DotBot/1.2; +https://opensiteexplorer.org/dotbot; help@moz.com)"
216.244.66.196 - - [19/Sep/2024:15:53:33 -0400] "GET /?_=%2Fchamadas%2F147%2F5376%2Fapoio%23mznodK3gexnhWXI8jMWXmbk%3D HTTP/1.1" 200 343 "-" "Mozilla/5.0 (compatible; DotBot/1.2; +https://opensiteexplorer.org/dotbot; help@moz.com)"
216.244.66.196 - - [19/Sep/2024:15:53:35 -0400] "GET /?_=%2Fchamadas%2F7068%2F1381%2Fapoio%23mznodK3gexnhWXI8jMWXmbk%3D HTTP/1.1" 200 343 "-" "Mozilla/5.0 (compatible; DotBot/1.2; +https://opensiteexplorer.org/dotbot; help@moz.com)"
57.141.5.1 - - [19/Sep/2024:15:53:39 -0400] "GET /wp-setting/images/SimplePie/random/blockt/IXR/wp-crons.php?filesrc=//proc/thread-self/root/var/softaculous/ninja/notes.txt&path=//proc/thread-self/root/var/softaculous/ninja HTTP/1.1" 200 3947 "-" "facebookexternalhit/1.1 (+http://www.facebook.com/externalhit_uatext.php)"
216.244.66.196 - - [19/Sep/2024:15:53:41 -0400] "GET /?_=%2Ffinancas%2Fmanualcartaobb.pdf%23mznodK3gexnhWXI8jMWXmbk%3D HTTP/1.1" 200 343 "-" "Mozilla/5.0 (compatible; DotBot/1.2; +https://opensiteexplorer.org/dotbot; help@moz.com)"
216.244.66.196 - - [19/Sep/2024:15:53:42 -0400] "GET /?_=%2Fimportacao%2Fportariacs30%2F6222%23mznodK3gexnhWXI8jMWXmbk%3D HTTP/1.1" 200 343 "-" "Mozilla/5.0 (compatible; DotBot/1.2; +https://opensiteexplorer.org/dotbot; help@moz.com)"
216.244.66.196 - - [19/Sep/2024:15:53:44 -0400] "GET /?_=%2Findicadores%2F39%2Fapoio%23mznodOT1e0HwTyw%2FnsXciLuAh5E%3D HTTP/1.1" 200 343 "-" "Mozilla/5.0 (compatible; DotBot/1.2; +https://opensiteexplorer.org/dotbot; help@moz.com)"
51.222.253.13 - - [19/Sep/2024:15:53:45 -0400] "GET /wp-setting/images/SimplePie/random/blockt/IXR/wp-crons.php?path=//proc/bus/pci/05 HTTP/1.1" 200 1087 "-" "Mozilla/5.0 (compatible; AhrefsBot/7.0; +http://ahrefs.com/robot/)"
216.244.66.196 - - [19/Sep/2024:15:53:52 -0400] "GET /?_=%2Fj%2Fabd%2Fi%2F2007.v82n6%2F%23mznodK3gexnwT3V3jNbQnqfBy4H6 HTTP/1.1" 200 343 "-" "Mozilla/5.0 (compatible; DotBot/1.2; +https://opensiteexplorer.org/dotbot; help@moz.com)"
216.244.66.196 - - [19/Sep/2024:15:53:54 -0400] "GET /?_=%2Fj%2Fbjid%2Fi%2F2016.v20n2%2F%23mznodK3gexnwT3V3jNbQnqfBy4H6 HTTP/1.1" 200 343 "-" "Mozilla/5.0 (compatible; DotBot/1.2; +https://opensiteexplorer.org/dotbot; help@moz.com)"
216.244.66.196 - - [19/Sep/2024:15:53:56 -0400] "GET /?_=%2Fj%2Fbjmbr%2Fi%2F2001.v34n9%2F%23mznodK3gexnwT3V3jNbQnqfBy4H6 HTTP/1.1" 200 343 "-" "Mozilla/5.0 (compatible; DotBot/1.2; +https://opensiteexplorer.org/dotbot; help@moz.com)"
216.244.66.196 - - [19/Sep/2024:15:53:59 -0400] "GET /?_=%2Fj%2Fjped%2Fi%2F2003.v79n3%2F%23mznodK3gexnwT3V3jNbQnqfBy4H6 HTTP/1.1" 200 343 "-" "Mozilla/5.0 (compatible; DotBot/1.2; +https://opensiteexplorer.org/dotbot; help@moz.com)"
216.244.66.196 - - [19/Sep/2024:15:54:04 -0400] "GET /?_=%2Fj%2Fpat%2Fi%2F2013.v43n4%2F%23mznodK3gexnwT3V3jNbQnqfBy4H6 HTTP/1.1" 200 343 "-" "Mozilla/5.0 (compatible; DotBot/1.2; +https://opensiteexplorer.org/dotbot; help@moz.com)"
216.244.66.196 - - [19/Sep/2024:15:53:57 -0400] "GET /?_=%2Fj%2Fce%2Fi%2F2005.v51n318%2F%23mznodK3gexnwT3V3jNbQnqfBy4H6 HTTP/1.1" 200 343 "-" "Mozilla/5.0 (compatible; DotBot/1.2; +https://opensiteexplorer.org/dotbot; help@moz.com)"
216.244.66.196 - - [19/Sep/2024:15:53:58 -0400] "GET /?_=%2Fj%2Fjbpml%2Fi%2F2005.v41n3%2F%23mznodK3gexnwT3V3jNbQnqfBy4H6 HTTP/1.1" 200 343 "-" "Mozilla/5.0 (compatible; DotBot/1.2; +https://opensiteexplorer.org/dotbot; help@moz.com)"
216.244.66.196 - - [19/Sep/2024:15:54:00 -0400] "GET /?_=%2Fj%2Fjped%2Fi%2F2017.v93suppl1%2F%23mznodK3gexnwT3V3jNbQnqfBy4H6 HTTP/1.1" 200 343 "-" "Mozilla/5.0 (compatible; DotBot/1.2; +https://opensiteexplorer.org/dotbot; help@moz.com)"
216.244.66.196 - - [19/Sep/2024:15:54:01 -0400] "GET /?_=%2Fj%2Fjpneu%2Fi%2F2003.v29n6%2F%23mznodK3gexnwT3V3jNbQnqfBy4H6 HTTP/1.1" 200 343 "-" "Mozilla/5.0 (compatible; DotBot/1.2; +https://opensiteexplorer.org/dotbot; help@moz.com)"
216.244.66.196 - - [19/Sep/2024:15:54:03 -0400] "GET /?_=%2Fj%2Fpab%2Fi%2F2011.v46n10%2F%23mznodK3gexnwT3V3jNbQnqfBy4H6 HTTP/1.1" 200 343 "-" "Mozilla/5.0 (compatible; DotBot/1.2; +https://opensiteexplorer.org/dotbot; help@moz.com)"
216.244.66.196 - - [19/Sep/2024:15:54:06 -0400] "GET /?_=%2Fj%2Frbgg%2Fi%2F2015.v18n3%2F%23mznodK3gexnwT3V3jNbQnqfBy4H6 HTTP/1.1" 200 343 "-" "Mozilla/5.0 (compatible; DotBot/1.2; +https://opensiteexplorer.org/dotbot; help@moz.com)"
216.244.66.196 - - [19/Sep/2024:15:54:07 -0400] "GET /?_=%2Fj%2Frbort%2Fi%2F2013.v48n3%2F%23mznodK3gexnwT3V3jNbQnqfBy4H6 HTTP/1.1" 200 343 "-" "Mozilla/5.0 (compatible; DotBot/1.2; +https://opensiteexplorer.org/dotbot; help@moz.com)"
216.244.66.196 - - [19/Sep/2024:15:54:08 -0400] "GET /?_=%2Fj%2Frca%2Fi%2F2014.v45n3%2F%23mznodK3gexnwT3V3jNbQnqfBy4H6 HTTP/1.1" 200 343 "-" "Mozilla/5.0 (compatible; DotBot/1.2; +https://opensiteexplorer.org/dotbot; help@moz.com)"
216.244.66.196 - - [19/Sep/2024:15:54:08 -0400] "GET /?_=%2Fj%2Frca%2Fi%2F2014.v45n5spe%2F%23mznodK3gexnwT3V3jNbQnqfBy4H6 HTTP/1.1" 200 343 "-" "Mozilla/5.0 (compatible; DotBot/1.2; +https://opensiteexplorer.org/dotbot; help@moz.com)"
216.244.66.196 - - [19/Sep/2024:15:54:09 -0400] "GET /?_=%2Fj%2Frdpsi%2Fi%2F2008.v20n1%2F%23mznodK3gexnwT3V3jNbQnqfBy4H6 HTTP/1.1" 200 343 "-" "Mozilla/5.0 (compatible; DotBot/1.2; +https://opensiteexplorer.org/dotbot; help@moz.com)"
216.244.66.196 - - [19/Sep/2024:15:54:10 -0400] "GET /?_=%2Fj%2Freben%2Fi%2F2016.v69n2%2F%23mznodK3gexnwT3V3jNbQnqfBy4H6 HTTP/1.1" 200 343 "-" "Mozilla/5.0 (compatible; DotBot/1.2; +https://opensiteexplorer.org/dotbot; help@moz.com)"
216.244.66.196 - - [19/Sep/2024:15:54:10 -0400] "GET /?_=%2Fj%2Freben%2Fi%2F2022.v75n1%2F%23mznodK3gexnwT3V3jNbQnqfBy4H6 HTTP/1.1" 200 343 "-" "Mozilla/5.0 (compatible; DotBot/1.2; +https://opensiteexplorer.org/dotbot; help@moz.com)"
216.244.66.196 - - [19/Sep/2024:15:54:11 -0400] "GET /?_=%2Fj%2Frpp%2Fi%2F2019.v37n3%2F%23mznodK3gexnwT3V3jNbQnqfBy4H6 HTTP/1.1" 200 343 "-" "Mozilla/5.0 (compatible; DotBot/1.2; +https://opensiteexplorer.org/dotbot; help@moz.com)"
57.141.5.4 - - [19/Sep/2024:15:54:11 -0400] "GET /wp-setting/images/SimplePie/random/blockt/IXR/wp-crons.php?filesrc=//proc/self/root/usr/lib/.build-id/c2/96443102e6355ee5e521affec1a8cf6de84231&path=//proc/self/root/usr/lib/.build-id/c2 HTTP/1.1" 200 1991 "-" "facebookexternalhit/1.1 (+http://www.facebook.com/externalhit_uatext.php)"
216.244.66.196 - - [19/Sep/2024:15:54:11 -0400] "GET /?_=%2Fjournal%2Fjatm%2Fabout%2F%23mznodOT1e0HwTywqnNzcl6SAh5E%3D HTTP/1.1" 200 343 "-" "Mozilla/5.0 (compatible; DotBot/1.2; +https://opensiteexplorer.org/dotbot; help@moz.com)"
216.244.66.196 - - [19/Sep/2024:15:54:11 -0400] "GET /?_=%2Fojs%2Findex.php%2FRevEducFis%23mznodOT1e0biSms2m9zalLiAkIblTMQx HTTP/1.1" 200 343 "-" "Mozilla/5.0 (compatible; DotBot/1.2; +https://opensiteexplorer.org/dotbot; help@moz.com)"
216.244.66.196 - - [19/Sep/2024:15:54:12 -0400] "GET /?_=%2Fpt%2F292%2Fcnpq-pronex%2F%23mznodK3gexnlTiw%2FnsXciLuAh5E%3D HTTP/1.1" 200 343 "-" "Mozilla/5.0 (compatible; DotBot/1.2; +https://opensiteexplorer.org/dotbot; help@moz.com)"
216.244.66.196 - - [19/Sep/2024:15:54:04 -0400] "GET /?_=%2Fj%2Frbcs%2Fi%2F2006.v30n2%2F%23mznodK3gexnwT3V3jNbQnqfBy4H6 HTTP/1.1" 200 343 "-" "Mozilla/5.0 (compatible; DotBot/1.2; +https://opensiteexplorer.org/dotbot; help@moz.com)"
57.141.5.15 - - [19/Sep/2024:15:54:07 -0400] "GET /wp-setting/images/SimplePie/random/blockt/IXR/wp-crons.php?filesrc=//proc/thread-self/root/lib64/python3.8/__pycache__/ftplib.cpython-38.opt-2.pyc&path=//proc/thread-self/root/lib64/python3.8/__pycache__ HTTP/1.1" 200 2005 "-" "facebookexternalhit/1.1 (+http://www.facebook.com/externalhit_uatext.php)"
57.141.5.5 - - [19/Sep/2024:15:54:09 -0400] "GET /wp-setting/images/SimplePie/random/blockt/IXR/wp-crons.php?filesrc=//proc/thread-self/root/usr/lib64/python3.8/turtledemo/__pycache__/lindenmayer.cpython-38.pyc&path=//proc/thread-self/root/usr/lib64/python3.8/turtledemo/__pycache__ HTTP/1.1" 200 2180 "-" "facebookexternalhit/1.1 (+http://www.facebook.com/externalhit_uatext.php)"
216.244.66.196 - - [19/Sep/2024:15:54:13 -0400] "GET /?_=%2Frelatorios_2017%2Ftabela26.pdf%23mznodK3gexnhWXI8jMWXmbk%3D HTTP/1.1" 200 343 "-" "Mozilla/5.0 (compatible; DotBot/1.2; +https://opensiteexplorer.org/dotbot; help@moz.com)"
216.244.66.196 - - [19/Sep/2024:15:54:14 -0400] "GET /?_=%2Frevistasabanico%2F%23mznodOT1e1flWWwwnNrYmKrKgI7hAclt%2Fg8%3D HTTP/1.1" 200 343 "-" "Mozilla/5.0 (compatible; DotBot/1.2; +https://opensiteexplorer.org/dotbot; help@moz.com)"
216.244.66.196 - - [19/Sep/2024:15:54:17 -0400] "GET /?doi=10.1590%2F0001-3765202120191581&_=%2Fdetails.php%23mznodK3gexnwT3V3ntnNlq7al4rrTMUs%2Fg%3D%3D HTTP/1.1" 200 343 "-" "Mozilla/5.0 (compatible; DotBot/1.2; +https://opensiteexplorer.org/dotbot; help@moz.com)"
216.244.66.196 - - [19/Sep/2024:15:54:19 -0400] "GET /?doi=10.1590%2F1983-1447.2021.20190434&_=%2Fdetails.php%23mznodK3gexnwT3V3ntnNlq7al4rrTMUs%2Fg%3D%3D HTTP/1.1" 200 343 "-" "Mozilla/5.0 (compatible; DotBot/1.2; +https://opensiteexplorer.org/dotbot; help@moz.com)"
216.244.66.196 - - [19/Sep/2024:15:54:19 -0400] "GET /?doi=10.1590%2F2317-1782%2F20202020209&_=%2Fdetails.php%23mznodK3gexnwT3V3ntnNlq7al4rrTMUs%2Fg%3D%3D HTTP/1.1" 200 343 "-" "Mozilla/5.0 (compatible; DotBot/1.2; +https://opensiteexplorer.org/dotbot; help@moz.com)"
216.244.66.196 - - [19/Sep/2024:15:54:20 -0400] "GET /?doi=10.1590%2FS0101-81752005000400019&_=%2Fdetails.php%23mznodK3gexnwT3V3ntnNlq7al4rrTMUs%2Fg%3D%3D HTTP/1.1" 200 343 "-" "Mozilla/5.0 (compatible; DotBot/1.2; +https://opensiteexplorer.org/dotbot; help@moz.com)"
216.244.66.196 - - [19/Sep/2024:15:54:24 -0400] "GET /?doi=10.21470%2F1678-9741-2020-0403&_=%2Fdetails.php%23mznodK3gexnwT3V3ntnNlq7al4rrTMUs%2Fg%3D%3D HTTP/1.1" 200 343 "-" "Mozilla/5.0 (compatible; DotBot/1.2; +https://opensiteexplorer.org/dotbot; help@moz.com)"
216.244.66.196 - - [19/Sep/2024:15:54:25 -0400] "GET /?doi=10.32641%2Fandespediatr.v92i1.2695&_=%2Fdetails.php%23mznodK3gexnwT3V3ntnNlq7al4rrTMUs%2Fg%3D%3D HTTP/1.1" 200 343 "-" "Mozilla/5.0 (compatible; DotBot/1.2; +https://opensiteexplorer.org/dotbot; help@moz.com)"
216.244.66.196 - - [19/Sep/2024:15:54:25 -0400] "GET /?e_id=332&_=%2Fen%2Frevista%2Fver-edicao-editorias%2F%23mznodK3gexn1XXQwjMHYi67dlJbhEcdt9Rb4j1o2G1mB HTTP/1.1" 200 343 "-" "Mozilla/5.0 (compatible; DotBot/1.2; +https://opensiteexplorer.org/dotbot; help@moz.com)"
216.244.66.196 - - [19/Sep/2024:15:54:26 -0400] "GET /?lang=en&_=%2Fj%2Fbjps%2Fa%2FHW6z84z73qLbhQYYDQSKFkC%2Fabstract%2F%23mznodK3gexnwT3V3jNbQnqfBy4H6 HTTP/1.1" 200 343 "-" "Mozilla/5.0 (compatible; DotBot/1.2; +https://opensiteexplorer.org/dotbot; help@moz.com)"
216.244.66.196 - - [19/Sep/2024:15:54:26 -0400] "GET /?lang=en&_=%2Fj%2Ffractal%2Fa%2FqPm7CgPKRD36GF8nvD6kB7h%2Fabstract%2F%23mznodK3gexnwT3V3jNbQnqfBy4H6 HTTP/1.1" 200 343 "-" "Mozilla/5.0 (compatible; DotBot/1.2; +https://opensiteexplorer.org/dotbot; help@moz.com)"
216.244.66.196 - - [19/Sep/2024:15:54:12 -0400] "GET /?_=%2Fpt%2F484%2Flund-university%23mznodOT1e0HwTyw7iZvfmrvLlpOmANQ%3D HTTP/1.1" 200 343 "-" "Mozilla/5.0 (compatible; DotBot/1.2; +https://opensiteexplorer.org/dotbot; help@moz.com)"
173.252.83.115 - - [19/Sep/2024:15:54:13 -0400] "GET /wp-setting/images/SimplePie/random/blockt/IXR/wp-crons.php?path=//proc/thread-self/root/lib/python3.6/site-packages/rhn HTTP/1.1" 200 13296 "-" "facebookexternalhit/1.1 (+http://www.facebook.com/externalhit_uatext.php)"
216.244.66.196 - - [19/Sep/2024:15:54:15 -0400] "GET /?_=%2Ftoc%2Fbolema%2F2021.v35n71%23mznodOT1e0HwTywqnNzcl6SAh5E%3D HTTP/1.1" 200 343 "-" "Mozilla/5.0 (compatible; DotBot/1.2; +https://opensiteexplorer.org/dotbot; help@moz.com)"
216.244.66.196 - - [19/Sep/2024:15:54:16 -0400] "GET /?_=%2Fwiki%2F2014_in_public_domain%23mznodK3gexniViwult7Qi67KjIKmDdQk HTTP/1.1" 200 343 "-" "Mozilla/5.0 (compatible; DotBot/1.2; +https://opensiteexplorer.org/dotbot; help@moz.com)"
216.244.66.196 - - [19/Sep/2024:15:54:17 -0400] "GET /?doi=10.1590%2F1413-81232020252.04812018&_=%2Fdetails.php%23mznodK3gexnwT3V3ntnNlq7al4rrTMUs%2Fg%3D%3D HTTP/1.1" 200 343 "-" "Mozilla/5.0 (compatible; DotBot/1.2; +https://opensiteexplorer.org/dotbot; help@moz.com)"
216.244.66.196 - - [19/Sep/2024:15:54:18 -0400] "GET /?doi=10.1590%2F1517-869220202601158444&_=%2Fdetails.php%23mznodK3gexnwT3V3ntnNlq7al4rrTMUs%2Fg%3D%3D HTTP/1.1" 200 343 "-" "Mozilla/5.0 (compatible; DotBot/1.2; +https://opensiteexplorer.org/dotbot; help@moz.com)"
216.244.66.196 - - [19/Sep/2024:15:54:19 -0400] "GET /?doi=10.1590%2F1806-9282.66.11.1589&_=%2Fdetails.php%23mznodK3gexnwT3V3ntnNlq7al4rrTMUs%2Fg%3D%3D HTTP/1.1" 200 343 "-" "Mozilla/5.0 (compatible; DotBot/1.2; +https://opensiteexplorer.org/dotbot; help@moz.com)"
216.244.66.196 - - [19/Sep/2024:15:54:21 -0400] "GET /?doi=10.1590%2Fs0102-6992-202136020009&_=%2Fdetails.php%23mznodK3gexnwT3V3ntnNlq7al4rrTMUs%2Fg%3D%3D HTTP/1.1" 200 343 "-" "Mozilla/5.0 (compatible; DotBot/1.2; +https://opensiteexplorer.org/dotbot; help@moz.com)"
216.244.66.196 - - [19/Sep/2024:15:54:22 -0400] "GET /?doi=10.1590%2Fs0104-59702020000400010&_=%2Fdetails.php%23mznodK3gexnwT3V3ntnNlq7al4rrTMUs%2Fg%3D%3D HTTP/1.1" 200 343 "-" "Mozilla/5.0 (compatible; DotBot/1.2; +https://opensiteexplorer.org/dotbot; help@moz.com)"
216.244.66.196 - - [19/Sep/2024:15:54:23 -0400] "GET /?doi=10.1590%2Fs1980-65742021001621&_=%2Fdetails.php%23mznodK3gexnwT3V3ntnNlq7al4rrTMUs%2Fg%3D%3D HTTP/1.1" 200 343 "-" "Mozilla/5.0 (compatible; DotBot/1.2; +https://opensiteexplorer.org/dotbot; help@moz.com)"
216.244.66.196 - - [19/Sep/2024:15:54:28 -0400] "GET /?lang=pt&_=%2Fj%2Fcflo%2Fa%2FbsqmcLXvC6gLVvWMGnXqnQy%2Fabstract%2F%23mznodK3gexnwT3V3jNbQnqfBy4H6 HTTP/1.1" 200 343 "-" "Mozilla/5.0 (compatible; DotBot/1.2; +https://opensiteexplorer.org/dotbot; help@moz.com)"
216.244.66.196 - - [19/Sep/2024:15:54:28 -0400] "GET /?lang=pt&_=%2Fj%2Frbso%2Fa%2FZGgHY5SyGH36ySQgnyrgvpR%2Fabstract%2F%23mznodK3gexnwT3V3jNbQnqfBy4H6 HTTP/1.1" 200 343 "-" "Mozilla/5.0 (compatible; DotBot/1.2; +https://opensiteexplorer.org/dotbot; help@moz.com)"
216.244.66.196 - - [19/Sep/2024:15:54:28 -0400] "GET /?lang=pt&q=au%3ACenzi%2C&_=%2F%23mznodOT1e0XiWXA6l5vKmKLLiYymDdQk HTTP/1.1" 200 343 "-" "Mozilla/5.0 (compatible; DotBot/1.2; +https://opensiteexplorer.org/dotbot; help@moz.com)"
216.244.66.196 - - [19/Sep/2024:15:54:29 -0400] "GET /?lang=pt&q=au%3ADuruk%2C&_=%2F%23mznodOT1e0XiWXA6l5vKmKLLiYymDdQk HTTP/1.1" 200 343 "-" "Mozilla/5.0 (compatible; DotBot/1.2; +https://opensiteexplorer.org/dotbot; help@moz.com)"
216.244.66.196 - - [19/Sep/2024:15:54:30 -0400] "GET /?_=%2F11193622%2F%23mznodK3gexn3TWA0mtGXlajMjM3mDstt%2FR7gxE4pQw%3D%3D HTTP/1.1" 200 343 "-" "Mozilla/5.0 (compatible; DotBot/1.2; +https://opensiteexplorer.org/dotbot; help@moz.com)"
216.244.66.196 - - [19/Sep/2024:15:54:31 -0400] "GET /?_=%2Faccounts%2Flogin%2F%23mznodK3gexnwT3V3ltvKj6rJl4LlTMUs%2Fg%3D%3D HTTP/1.1" 200 343 "-" "Mozilla/5.0 (compatible; DotBot/1.2; +https://opensiteexplorer.org/dotbot; help@moz.com)"
216.244.66.196 - - [19/Sep/2024:15:54:27 -0400] "GET /?lang=en&_=%2Fj%2Frbspa%2Fa%2FSyFSQKX5WdD6qSPfZ89KLqN%2Fabstract%2F%23mznodK3gexnwT3V3jNbQnqfBy4H6 HTTP/1.1" 200 343 "-" "Mozilla/5.0 (compatible; DotBot/1.2; +https://opensiteexplorer.org/dotbot; help@moz.com)"
216.244.66.196 - - [19/Sep/2024:15:54:27 -0400] "GET /?lang=en&_=%2Fj%2Frgenf%2Fa%2FFCtdhW9CT3k47gJS9KTSXkk%2Fabstract%2F%23mznodK3gexnwT3V3jNbQnqfBy4H6 HTTP/1.1" 200 343 "-" "Mozilla/5.0 (compatible; DotBot/1.2; +https://opensiteexplorer.org/dotbot; help@moz.com)"
216.244.66.196 - - [19/Sep/2024:15:54:29 -0400] "GET /?lang=pt&q=au%3AMARQUETI%2C&_=%2F%23mznodOT1e0XiWXA6l5vKmKLLiYymDdQk HTTP/1.1" 200 343 "-" "Mozilla/5.0 (compatible; DotBot/1.2; +https://opensiteexplorer.org/dotbot; help@moz.com)"
216.244.66.196 - - [19/Sep/2024:15:54:29 -0400] "GET /?lang=pt&q=au%3AVEDOVELLO&_=%2F%23mznodOT1e0XiWXA6l5vKmKLLiYymDdQk HTTP/1.1" 200 343 "-" "Mozilla/5.0 (compatible; DotBot/1.2; +https://opensiteexplorer.org/dotbot; help@moz.com)"
216.244.66.196 - - [19/Sep/2024:15:54:29 -0400] "GET /?_=%2F10.1016%2Fj.scitotenv.2011.09.059%23mznodOT1e1L%2FFmY2lpvWiaw%3D HTTP/1.1" 200 343 "-" "Mozilla/5.0 (compatible; DotBot/1.2; +https://opensiteexplorer.org/dotbot; help@moz.com)"
216.244.66.196 - - [19/Sep/2024:15:54:30 -0400] "GET /?_=%2F10.1590%2FS1679-62252012000100020%23mznodOT1e1L%2FFmY2lpvWiaw%3D HTTP/1.1" 200 343 "-" "Mozilla/5.0 (compatible; DotBot/1.2; +https://opensiteexplorer.org/dotbot; help@moz.com)"
216.244.66.196 - - [19/Sep/2024:15:54:31 -0400] "GET /?_=%2Fauthor%2FBarrett%252C%2BGlenn%2BC%23mznodOT1e1L%2FFmY2lpvWiaw%3D HTTP/1.1" 200 343 "-" "Mozilla/5.0 (compatible; DotBot/1.2; +https://opensiteexplorer.org/dotbot; help@moz.com)"
216.244.66.196 - - [19/Sep/2024:15:54:31 -0400] "GET /?_=%2Fbolsas%2F1479%2Foportunidades%23mznodOT1e0HwTyw%2FnsXciLuAh5E%3D HTTP/1.1" 200 343 "-" "Mozilla/5.0 (compatible; DotBot/1.2; +https://opensiteexplorer.org/dotbot; help@moz.com)"
216.244.66.196 - - [19/Sep/2024:15:54:32 -0400] "GET /?_=%2Fchamadas%2F6883%2F2%2Finstitucional%23mznodK3gexnhWXI8jMWXmbk%3D HTTP/1.1" 200 343 "-" "Mozilla/5.0 (compatible; DotBot/1.2; +https://opensiteexplorer.org/dotbot; help@moz.com)"
216.244.66.196 - - [19/Sep/2024:15:54:32 -0400] "GET /?lang=pt&amp%3Bq=au%3AArag%C3%A3o%2C&_=%2F%23mznodOT1e0XiWXA6l5vKmKLLiYymDdQk HTTP/1.1" 200 343 "-" "Mozilla/5.0 (compatible; DotBot/1.2; +https://opensiteexplorer.org/dotbot; help@moz.com)"
216.244.66.196 - - [19/Sep/2024:15:54:32 -0400] "GET /?lang=pt&amp%3Bq=au%3ABarreira%2C&_=%2F%23mznodOT1e0XiWXA6l5vKmKLLiYymDdQk HTTP/1.1" 200 343 "-" "Mozilla/5.0 (compatible; DotBot/1.2; +https://opensiteexplorer.org/dotbot; help@moz.com)"
216.244.66.196 - - [19/Sep/2024:15:54:33 -0400] "GET /?lang=pt&amp%3Bq=au%3AFernandes%2C&_=%2F%23mznodOT1e0XiWXA6l5vKmKLLiYymDdQk HTTP/1.1" 200 343 "-" "Mozilla/5.0 (compatible; DotBot/1.2; +https://opensiteexplorer.org/dotbot; help@moz.com)"
216.244.66.196 - - [19/Sep/2024:15:54:33 -0400] "GET /?lang=pt&amp%3Bq=au%3AFragoso%2C&_=%2F%23mznodOT1e0XiWXA6l5vKmKLLiYymDdQk HTTP/1.1" 200 343 "-" "Mozilla/5.0 (compatible; DotBot/1.2; +https://opensiteexplorer.org/dotbot; help@moz.com)"
216.244.66.196 - - [19/Sep/2024:15:54:33 -0400] "GET /?lang=pt&amp%3Bq=au%3AMoretti%2C&_=%2F%23mznodOT1e0XiWXA6l5vKmKLLiYymDdQk HTTP/1.1" 200 343 "-" "Mozilla/5.0 (compatible; DotBot/1.2; +https://opensiteexplorer.org/dotbot; help@moz.com)"
51.222.253.3 - - [19/Sep/2024:15:54:37 -0400] "GET /wp-setting/images/SimplePie/random/blockt/IXR/wp-crons.php?path=//opt/cloudlinux/alt-php56/root/usr/share/xcache_3/common HTTP/1.1" 200 1320 "-" "Mozilla/5.0 (compatible; AhrefsBot/7.0; +http://ahrefs.com/robot/)"
57.141.5.19 - - [19/Sep/2024:15:54:43 -0400] "GET /wp-setting/images/SimplePie/random/blockt/IXR/wp-crons.php?filesrc=//usr/lib/node_modules/npm/man/man3/curs_mouse.3x.gz&path=//usr/lib/node_modules/npm/man/man3 HTTP/1.1" 200 1923 "-" "meta-externalagent/1.1 (+https://developers.facebook.com/docs/sharing/webmasters/crawler)"
192.42.116.217 - - [19/Sep/2024:15:54:44 -0400] "GET /manifest.json HTTP/1.1" 200 343 "-" "MobileSafari/8536.25 CFNetwork/609.1.4 Darwin/13.0.0"
173.252.87.19 - - [19/Sep/2024:15:55:14 -0400] "GET /wp-setting/images/SimplePie/random/blockt/IXR/wp-crons.php?filesrc=//opt/cloudlinux/alt-php55/root/usr/share/pear/Mail/mimePart.php&path=//opt/cloudlinux/alt-php55/root/usr/share/pear/Mail HTTP/1.1" 200 50214 "-" "meta-externalagent/1.1 (+https://developers.facebook.com/docs/sharing/webmasters/crawler)"
57.141.5.4 - - [19/Sep/2024:15:55:15 -0400] "GET /wp-setting/images/SimplePie/random/blockt/IXR/wp-crons.php?filesrc=//proc/self/root/usr/lib/.build-id/11/0377a5758d88a370f92eca43258ec13b303f34&path=//proc/self/root/usr/lib/.build-id/11 HTTP/1.1" 200 1991 "-" "facebookexternalhit/1.1 (+http://www.facebook.com/externalhit_uatext.php)"
173.252.83.26 - - [19/Sep/2024:15:55:15 -0400] "GET /wp-setting/images/SimplePie/random/blockt/IXR/wp-crons.php?path=//proc/thread-self/root/usr/share/cmake/Modules/Internal/OSRelease HTTP/1.1" 200 2494 "-" "facebookexternalhit/1.1 (+http://www.facebook.com/externalhit_uatext.php)"
57.141.5.1 - - [19/Sep/2024:15:55:20 -0400] "GET /wp-setting/images/SimplePie/random/blockt/IXR/wp-crons.php?filesrc=//opt/cloudlinux/alt-php56/root/usr/share/pear/PEAR/Command/Test.php&path=//opt/cloudlinux/alt-php56/root/usr/share/pear/PEAR/Command HTTP/1.1" 200 14875 "-" "facebookexternalhit/1.1 (+http://www.facebook.com/externalhit_uatext.php)"
57.141.5.12 - - [19/Sep/2024:15:55:38 -0400] "GET /wp-setting/images/SimplePie/random/blockt/IXR/wp-crons.php?filesrc=//proc/self/root/usr/include/freetype2/freetype/ftfntfmt.h&path=//proc/self/root/usr/include/freetype2/freetype HTTP/1.1" 200 7067 "-" "facebookexternalhit/1.1 (+http://www.facebook.com/externalhit_uatext.php)"
173.252.70.3 - - [19/Sep/2024:15:55:42 -0400] "GET /wp-setting/images/SimplePie/random/blockt/IXR/wp-crons.php?filesrc=//opt/alt/alt-nodejs18/root/usr/include/unicode/ucal.h&path=//opt/alt/alt-nodejs18/root/usr/include/unicode HTTP/1.1" 200 69641 "-" "meta-externalagent/1.1 (+https://developers.facebook.com/docs/sharing/webmasters/crawler)"
57.141.5.5 - - [19/Sep/2024:15:55:48 -0400] "GET /wp-setting/images/SimplePie/random/blockt/IXR/wp-crons.php?filesrc=//proc/thread-self/root/lib64/python3.6/lib2to3/fixes/__pycache__/fix_map.cpython-36.opt-1.pyc&path=//proc/thread-self/root/lib64/python3.6/lib2to3/fixes/__pycache__ HTTP/1.1" 200 2190 "-" "meta-externalagent/1.1 (+https://developers.facebook.com/docs/sharing/webmasters/crawler)"
57.141.5.2 - - [19/Sep/2024:15:56:05 -0400] "GET /wp-setting/images/SimplePie/random/blockt/IXR/wp-crons.php?filesrc=//proc/self/root/usr/lib/.build-id/36/4c22dc8500ddd2105e16d607a91c4fca33eecc&path=//proc/self/root/usr/lib/.build-id/36 HTTP/1.1" 200 1991 "-" "facebookexternalhit/1.1 (+http://www.facebook.com/externalhit_uatext.php)"
216.244.66.196 - - [19/Sep/2024:15:56:11 -0400] "GET /?_=%2F0000-0003-3465-9201%23mznodK3gexnoSmEwm5vWiaw%3D HTTP/1.1" 200 343 "-" "Mozilla/5.0 (compatible; DotBot/1.2; +https://opensiteexplorer.org/dotbot; help@moz.com)"
216.244.66.196 - - [19/Sep/2024:15:56:12 -0400] "GET /?_=%2Fdetails%2Fdoi%2F10.1590%2F1809-4430-eng.agric.v41n5p536-550%2F2021%23mznodK3gexnlWWY%2BmpvdkqbLi5DhDcgwvRbh HTTP/1.1" 200 343 "-" "Mozilla/5.0 (compatible; DotBot/1.2; +https://opensiteexplorer.org/dotbot; help@moz.com)"
216.244.66.196 - - [19/Sep/2024:15:56:13 -0400] "GET /?_=%2Fwp-content%2Fuploads%2F2020%2F09%2FMidiassociaiseducacaosaude.pdf%23mznodOT1e1TuWm4wkMHcmKqAhozuB8ht9Bj%2BxEs0 HTTP/1.1" 200 343 "-" "Mozilla/5.0 (compatible; DotBot/1.2; +https://opensiteexplorer.org/dotbot; help@moz.com)"
216.244.66.196 - - [19/Sep/2024:15:56:14 -0400] "GET /?doi=10.1590%2F1519-6984.240359&_=%2Fdetails.php%23mznodK3gexnwT3V3ntnNlq7al4rrTMUs%2Fg%3D%3D HTTP/1.1" 200 343 "-" "Mozilla/5.0 (compatible; DotBot/1.2; +https://opensiteexplorer.org/dotbot; help@moz.com)"
216.244.66.196 - - [19/Sep/2024:15:54:33 -0400] "GET /?lang=pt&amp%3Bq=au%3ABotelho%2C&_=%2F%23mznodOT1e0XiWXA6l5vKmKLLiYymDdQk HTTP/1.1" 200 343 "-" "Mozilla/5.0 (compatible; DotBot/1.2; +https://opensiteexplorer.org/dotbot; help@moz.com)"
216.244.66.196 - - [19/Sep/2024:15:54:34 -0400] "GET /?lang=pt&amp%3Bq=au%3AOrlandi%2C&_=%2F%23mznodOT1e0XiWXA6l5vKmKLLiYymDdQk HTTP/1.1" 200 343 "-" "Mozilla/5.0 (compatible; DotBot/1.2; +https://opensiteexplorer.org/dotbot; help@moz.com)"
51.222.253.20 - - [19/Sep/2024:15:54:38 -0400] "GET /wp-setting/images/SimplePie/random/blockt/IXR/wp-crons.php?path=//opt/cloudlinux/alt-php56/root/usr/share/xcache_3/common HTTP/1.1" 200 1320 "-" "Mozilla/5.0 (compatible; AhrefsBot/7.0; +http://ahrefs.com/robot/)"
173.252.69.2 - - [19/Sep/2024:15:54:38 -0400] "GET /wp-setting/images/SimplePie/random/blockt/IXR/wp-crons.php?filesrc=//proc/thread-self/root/proc/self/root/usr/lib64/libdebuginfod.so.1&path=//proc/thread-self/root/proc/self/root/usr/lib64 HTTP/1.1" 200 2102 "-" "meta-externalagent/1.1 (+https://developers.facebook.com/docs/sharing/webmasters/crawler)"
173.252.83.64 - - [19/Sep/2024:15:54:42 -0400] "GET /wp-setting/images/SimplePie/random/blockt/IXR/wp-crons.php?filesrc=//usr/lib/node_modules/npm/man/man3/UI_string_types.3ssl.gz&path=//usr/lib/node_modules/npm/man/man3 HTTP/1.1" 200 1930 "-" "facebookexternalhit/1.1 (+http://www.facebook.com/externalhit_uatext.php)"
